{"id":64,"date":"2021-02-16T16:41:27","date_gmt":"2021-02-16T15:41:27","guid":{"rendered":"https:\/\/www.diocese-montauban.fr\/verdun\/?post_type=paroisse&#038;p=64"},"modified":"2021-02-16T16:42:25","modified_gmt":"2021-02-16T15:42:25","slug":"bapteme-pour-enfants-jeunes-et-adultes","status":"publish","type":"paroisse","link":"https:\/\/www.diocese-montauban.fr\/verdun\/paroisses\/montech\/bapteme-pour-enfants-jeunes-et-adultes\/","title":{"rendered":"Bapt\u00eame pour enfants, jeunes et adultes"},"content":{"rendered":"\n<p class=\"has-text-align-center\">Le Bapt\u00eame est le plus beau et le plus magnifique des dons de Dieu&#8230;\u00a0<br>Nous l&#8217;appelons don, gr\u00e2ce, onction, illumination, v\u00eatement d&#8217;incorruptibilit\u00e9, bain de r\u00e9g\u00e9n\u00e9ration, sceau, et tout ce qu&#8217;il y a de plus pr\u00e9cieux&#8230;<\/p>\n\n\n\n<div class=\"wp-block-image\"><figure class=\"aligncenter size-large\"><img fetchpriority=\"high\" decoding=\"async\" width=\"400\" height=\"267\" src=\"https:\/\/www.diocese-montauban.fr\/verdun\/wp-content\/uploads\/sites\/5\/2021\/02\/image-9.jpeg\" alt=\"\" class=\"wp-image-65\"\/><\/figure><\/div>\n\n\n\n<h3 class=\"wp-block-heading\">Comment pr\u00e9parer le bapt\u00eame de son enfant?<\/h3>\n\n\n\n<p>Pour pr\u00e9parer un bapt\u00eame, on doit d&#8217;abord participer \u00e0 une r\u00e9union pr\u00e9paratoire avec d&#8217;autres parents pour r\u00e9fl\u00e9chir au sens de la demande de bapt\u00eame et \u00e0 l&#8217;engagement des parents.&nbsp;<br>Les parents s&#8217;engagent en effet \u00e0 donner une \u00e9ducation chr\u00e9tienne \u00e0 leur enfant, \u00e0 lui transmettre la lumi\u00e8re de l&#8217;\u00e9vangile et par cons\u00e9quent, \u00e0 le faire participer au cat\u00e9chisme.&nbsp;<br>Le bapt\u00eame est en effet le sacrement de la foi, comme en t\u00e9moigne la profession de foi que font les parents, parrain et marraine au cours de la c\u00e9r\u00e9monie.&nbsp;<br>En demandant le bapt\u00eame pour leur enfant, les parents sont donc invit\u00e9s \u00e0 r\u00e9fl\u00e9chir \u00e0 leur motivation. Il ne suffit pas de dire :&#8221;Il ira au cat\u00e9chisme s&#8217;il en a envie.&nbsp;<br>Les parents ont mission d&#8217;assurer la transmission de la foi \u00e0 leur enfant.<\/p>\n\n\n\n<p>&nbsp;&#8230;&#8230;&#8230;&#8230;&#8230;&#8230;&#8230;&#8230;&#8230;&#8230;&#8230;&#8230;&#8230;&#8230;&#8230;&#8230;.<\/p>\n\n\n\n<p>Si vous souhaitez\u00a0demander le bapt\u00eame pour votre enfant ou pour vous m\u00eame\u00a0<br>dans notre secteur paroissial, nous vous invitons\u00a0\u00e0 prendre contact\u00a0<br>avec\u00a0la\u00a0Maison Paroissiale pour les inscriptions<br>\u00a0ou avec\u00a0Mme Marie-No\u00eblle Toulemonde au 05 63 64 79 16.\u00a0<\/p>\n\n\n\n<ul class=\"wp-block-list\"><li>Si votre enfant a entre 0 et 2 ans, une pr\u00e9paration avec les parents est n\u00e9cessaire.<\/li><li>Si votre enfant a entre 2 et 5 ans, nous vous proposons 5 rencontres familiales de pr\u00e9paration.<\/li><li>Si votre enfant a entre 6 et 10 ans, la pr\u00e9paration se fera dans le cadre de la cat\u00e9ch\u00e8se<br>\u00a0(2 ans minimum).<\/li><li>Si votre enfant est au coll\u00e8ge ou au lyc\u00e9e\u00a0la pr\u00e9paration\u00a0se fait dans le cadre\u00a0<br>de l&#8217;aum\u00f4nerie scolaire.<\/li><li>Et pour les adultes, avec le groupe de cat\u00e9chum\u00e9nat local et en lien avec le dioc\u00e8se.<\/li><\/ul>\n","protected":false},"author":1,"featured_media":0,"parent":6,"menu_order":76,"template":"","meta":{"_acf_changed":false,"footnotes":""},"class_list":["post-64","paroisse","type-paroisse","status-publish","hentry"],"acf":[],"yoast_head":"<!-- This site is optimized with the Yoast SEO plugin v27.3 - https:\/\/yoast.com\/product\/yoast-seo-wordpress\/ -->\n<title>Bapt\u00eame pour enfants, jeunes et adultes - Verdun<\/title>\n<meta name=\"robots\" content=\"index, follow, max-snippet:-1, max-image-preview:large, max-video-preview:-1\" \/>\n<link rel=\"canonical\" href=\"https:\/\/www.diocese-montauban.fr\/verdun\/paroisses\/montech\/bapteme-pour-enfants-jeunes-et-adultes\/\" \/>\n<meta property=\"og:locale\" content=\"fr_FR\" \/>\n<meta property=\"og:type\" content=\"article\" \/>\n<meta property=\"og:title\" content=\"Bapt\u00eame pour enfants, jeunes et adultes - Verdun\" \/>\n<meta property=\"og:description\" content=\"Le Bapt\u00eame est le plus beau et le plus magnifique des dons de Dieu&#8230;\u00a0Nous l&#8217;appelons don, gr\u00e2ce, onction, illumination, v\u00eatement d&#8217;incorruptibilit\u00e9, bain de r\u00e9g\u00e9n\u00e9ration, sceau, et tout ce qu&#8217;il y [&hellip;]\" \/>\n<meta property=\"og:url\" content=\"https:\/\/www.diocese-montauban.fr\/verdun\/paroisses\/montech\/bapteme-pour-enfants-jeunes-et-adultes\/\" \/>\n<meta property=\"og:site_name\" content=\"Verdun\" \/>\n<meta property=\"article:modified_time\" content=\"2021-02-16T15:42:25+00:00\" \/>\n<meta property=\"og:image\" content=\"https:\/\/www.diocese-montauban.fr\/verdun\/wp-content\/uploads\/sites\/5\/2021\/02\/image-9.jpeg\" \/>\n<meta name=\"twitter:card\" content=\"summary_large_image\" \/>\n<meta name=\"twitter:label1\" content=\"Dur\u00e9e de lecture estim\u00e9e\" \/>\n\t<meta name=\"twitter:data1\" content=\"2 minutes\" \/>\n<script type=\"application\/ld+json\" class=\"yoast-schema-graph\">{\"@context\":\"https:\\\/\\\/schema.org\",\"@graph\":[{\"@type\":\"WebPage\",\"@id\":\"https:\\\/\\\/www.diocese-montauban.fr\\\/verdun\\\/paroisses\\\/montech\\\/bapteme-pour-enfants-jeunes-et-adultes\\\/\",\"url\":\"https:\\\/\\\/www.diocese-montauban.fr\\\/verdun\\\/paroisses\\\/montech\\\/bapteme-pour-enfants-jeunes-et-adultes\\\/\",\"name\":\"Bapt\u00eame pour enfants, jeunes et adultes - Verdun\",\"isPartOf\":{\"@id\":\"https:\\\/\\\/www.diocese-montauban.fr\\\/verdun\\\/#website\"},\"primaryImageOfPage\":{\"@id\":\"https:\\\/\\\/www.diocese-montauban.fr\\\/verdun\\\/paroisses\\\/montech\\\/bapteme-pour-enfants-jeunes-et-adultes\\\/#primaryimage\"},\"image\":{\"@id\":\"https:\\\/\\\/www.diocese-montauban.fr\\\/verdun\\\/paroisses\\\/montech\\\/bapteme-pour-enfants-jeunes-et-adultes\\\/#primaryimage\"},\"thumbnailUrl\":\"https:\\\/\\\/www.diocese-montauban.fr\\\/verdun\\\/wp-content\\\/uploads\\\/sites\\\/5\\\/2021\\\/02\\\/image-9.jpeg\",\"datePublished\":\"2021-02-16T15:41:27+00:00\",\"dateModified\":\"2021-02-16T15:42:25+00:00\",\"breadcrumb\":{\"@id\":\"https:\\\/\\\/www.diocese-montauban.fr\\\/verdun\\\/paroisses\\\/montech\\\/bapteme-pour-enfants-jeunes-et-adultes\\\/#breadcrumb\"},\"inLanguage\":\"fr-FR\",\"potentialAction\":[{\"@type\":\"ReadAction\",\"target\":[\"https:\\\/\\\/www.diocese-montauban.fr\\\/verdun\\\/paroisses\\\/montech\\\/bapteme-pour-enfants-jeunes-et-adultes\\\/\"]}]},{\"@type\":\"ImageObject\",\"inLanguage\":\"fr-FR\",\"@id\":\"https:\\\/\\\/www.diocese-montauban.fr\\\/verdun\\\/paroisses\\\/montech\\\/bapteme-pour-enfants-jeunes-et-adultes\\\/#primaryimage\",\"url\":\"https:\\\/\\\/www.diocese-montauban.fr\\\/verdun\\\/wp-content\\\/uploads\\\/sites\\\/5\\\/2021\\\/02\\\/image-9.jpeg\",\"contentUrl\":\"https:\\\/\\\/www.diocese-montauban.fr\\\/verdun\\\/wp-content\\\/uploads\\\/sites\\\/5\\\/2021\\\/02\\\/image-9.jpeg\",\"width\":400,\"height\":267},{\"@type\":\"BreadcrumbList\",\"@id\":\"https:\\\/\\\/www.diocese-montauban.fr\\\/verdun\\\/paroisses\\\/montech\\\/bapteme-pour-enfants-jeunes-et-adultes\\\/#breadcrumb\",\"itemListElement\":[{\"@type\":\"ListItem\",\"position\":1,\"name\":\"Accueil\",\"item\":\"https:\\\/\\\/www.diocese-montauban.fr\\\/verdun\\\/\"},{\"@type\":\"ListItem\",\"position\":2,\"name\":\"Montech\",\"item\":\"https:\\\/\\\/www.diocese-montauban.fr\\\/verdun\\\/paroisses\\\/montech\\\/\"},{\"@type\":\"ListItem\",\"position\":3,\"name\":\"Bapt\u00eame pour enfants, jeunes et adultes\"}]},{\"@type\":\"WebSite\",\"@id\":\"https:\\\/\\\/www.diocese-montauban.fr\\\/verdun\\\/#website\",\"url\":\"https:\\\/\\\/www.diocese-montauban.fr\\\/verdun\\\/\",\"name\":\"Verdun\",\"description\":\"Dioc\u00e8se de Montauban\",\"potentialAction\":[{\"@type\":\"SearchAction\",\"target\":{\"@type\":\"EntryPoint\",\"urlTemplate\":\"https:\\\/\\\/www.diocese-montauban.fr\\\/verdun\\\/?s={search_term_string}\"},\"query-input\":{\"@type\":\"PropertyValueSpecification\",\"valueRequired\":true,\"valueName\":\"search_term_string\"}}],\"inLanguage\":\"fr-FR\"}]}<\/script>\n<!-- \/ Yoast SEO plugin. -->","yoast_head_json":{"title":"Bapt\u00eame pour enfants, jeunes et adultes - Verdun","robots":{"index":"index","follow":"follow","max-snippet":"max-snippet:-1","max-image-preview":"max-image-preview:large","max-video-preview":"max-video-preview:-1"},"canonical":"https:\/\/www.diocese-montauban.fr\/verdun\/paroisses\/montech\/bapteme-pour-enfants-jeunes-et-adultes\/","og_locale":"fr_FR","og_type":"article","og_title":"Bapt\u00eame pour enfants, jeunes et adultes - Verdun","og_description":"Le Bapt\u00eame est le plus beau et le plus magnifique des dons de Dieu&#8230;\u00a0Nous l&#8217;appelons don, gr\u00e2ce, onction, illumination, v\u00eatement d&#8217;incorruptibilit\u00e9, bain de r\u00e9g\u00e9n\u00e9ration, sceau, et tout ce qu&#8217;il y [&hellip;]","og_url":"https:\/\/www.diocese-montauban.fr\/verdun\/paroisses\/montech\/bapteme-pour-enfants-jeunes-et-adultes\/","og_site_name":"Verdun","article_modified_time":"2021-02-16T15:42:25+00:00","og_image":[{"url":"https:\/\/www.diocese-montauban.fr\/verdun\/wp-content\/uploads\/sites\/5\/2021\/02\/image-9.jpeg","type":"","width":"","height":""}],"twitter_card":"summary_large_image","twitter_misc":{"Dur\u00e9e de lecture estim\u00e9e":"2 minutes"},"schema":{"@context":"https:\/\/schema.org","@graph":[{"@type":"WebPage","@id":"https:\/\/www.diocese-montauban.fr\/verdun\/paroisses\/montech\/bapteme-pour-enfants-jeunes-et-adultes\/","url":"https:\/\/www.diocese-montauban.fr\/verdun\/paroisses\/montech\/bapteme-pour-enfants-jeunes-et-adultes\/","name":"Bapt\u00eame pour enfants, jeunes et adultes - Verdun","isPartOf":{"@id":"https:\/\/www.diocese-montauban.fr\/verdun\/#website"},"primaryImageOfPage":{"@id":"https:\/\/www.diocese-montauban.fr\/verdun\/paroisses\/montech\/bapteme-pour-enfants-jeunes-et-adultes\/#primaryimage"},"image":{"@id":"https:\/\/www.diocese-montauban.fr\/verdun\/paroisses\/montech\/bapteme-pour-enfants-jeunes-et-adultes\/#primaryimage"},"thumbnailUrl":"https:\/\/www.diocese-montauban.fr\/verdun\/wp-content\/uploads\/sites\/5\/2021\/02\/image-9.jpeg","datePublished":"2021-02-16T15:41:27+00:00","dateModified":"2021-02-16T15:42:25+00:00","breadcrumb":{"@id":"https:\/\/www.diocese-montauban.fr\/verdun\/paroisses\/montech\/bapteme-pour-enfants-jeunes-et-adultes\/#breadcrumb"},"inLanguage":"fr-FR","potentialAction":[{"@type":"ReadAction","target":["https:\/\/www.diocese-montauban.fr\/verdun\/paroisses\/montech\/bapteme-pour-enfants-jeunes-et-adultes\/"]}]},{"@type":"ImageObject","inLanguage":"fr-FR","@id":"https:\/\/www.diocese-montauban.fr\/verdun\/paroisses\/montech\/bapteme-pour-enfants-jeunes-et-adultes\/#primaryimage","url":"https:\/\/www.diocese-montauban.fr\/verdun\/wp-content\/uploads\/sites\/5\/2021\/02\/image-9.jpeg","contentUrl":"https:\/\/www.diocese-montauban.fr\/verdun\/wp-content\/uploads\/sites\/5\/2021\/02\/image-9.jpeg","width":400,"height":267},{"@type":"BreadcrumbList","@id":"https:\/\/www.diocese-montauban.fr\/verdun\/paroisses\/montech\/bapteme-pour-enfants-jeunes-et-adultes\/#breadcrumb","itemListElement":[{"@type":"ListItem","position":1,"name":"Accueil","item":"https:\/\/www.diocese-montauban.fr\/verdun\/"},{"@type":"ListItem","position":2,"name":"Montech","item":"https:\/\/www.diocese-montauban.fr\/verdun\/paroisses\/montech\/"},{"@type":"ListItem","position":3,"name":"Bapt\u00eame pour enfants, jeunes et adultes"}]},{"@type":"WebSite","@id":"https:\/\/www.diocese-montauban.fr\/verdun\/#website","url":"https:\/\/www.diocese-montauban.fr\/verdun\/","name":"Verdun","description":"Dioc\u00e8se de Montauban","potentialAction":[{"@type":"SearchAction","target":{"@type":"EntryPoint","urlTemplate":"https:\/\/www.diocese-montauban.fr\/verdun\/?s={search_term_string}"},"query-input":{"@type":"PropertyValueSpecification","valueRequired":true,"valueName":"search_term_string"}}],"inLanguage":"fr-FR"}]}},"_links":{"self":[{"href":"https:\/\/www.diocese-montauban.fr\/verdun\/wp-json\/wp\/v2\/paroisse\/64","targetHints":{"allow":["GET"]}}],"collection":[{"href":"https:\/\/www.diocese-montauban.fr\/verdun\/wp-json\/wp\/v2\/paroisse"}],"about":[{"href":"https:\/\/www.diocese-montauban.fr\/verdun\/wp-json\/wp\/v2\/types\/paroisse"}],"author":[{"embeddable":true,"href":"https:\/\/www.diocese-montauban.fr\/verdun\/wp-json\/wp\/v2\/users\/1"}],"version-history":[{"count":2,"href":"https:\/\/www.diocese-montauban.fr\/verdun\/wp-json\/wp\/v2\/paroisse\/64\/revisions"}],"predecessor-version":[{"id":67,"href":"https:\/\/www.diocese-montauban.fr\/verdun\/wp-json\/wp\/v2\/paroisse\/64\/revisions\/67"}],"up":[{"embeddable":true,"href":"https:\/\/www.diocese-montauban.fr\/verdun\/wp-json\/wp\/v2\/paroisse\/6"}],"wp:attachment":[{"href":"https:\/\/www.diocese-montauban.fr\/verdun\/wp-json\/wp\/v2\/media?parent=64"}],"curies":[{"name":"wp","href":"https:\/\/api.w.org\/{rel}","templated":true}]}}

Baptême pour enfants, jeunes et adultes

<p class="has-text-align-center">Le Baptême est le plus beau et le plus magnifique des dons de Dieu&#8230; <br>Nous l&#8217;appelons don, grâce, onction, illumination, vêtement d&#8217;incorruptibilité, bain de régénération, sceau, et tout ce qu&#8217;il y a de plus précieux&#8230;</p>



<div class="wp-block-image"><figure class="aligncenter size-large"><img fetchpriority="high" decoding="async" width="400" height="267" src="https://www.diocese-montauban.fr/verdun/wp-content/uploads/sites/5/2021/02/image-9.jpeg" alt="" class="wp-image-65"/></figure></div>



<h3 class="wp-block-heading">Comment préparer le baptême de son enfant?</h3>



<p>Pour préparer un baptême, on doit d&#8217;abord participer à une réunion préparatoire avec d&#8217;autres parents pour réfléchir au sens de la demande de baptême et à l&#8217;engagement des parents.&nbsp;<br>Les parents s&#8217;engagent en effet à donner une éducation chrétienne à leur enfant, à lui transmettre la lumière de l&#8217;évangile et par conséquent, à le faire participer au catéchisme.&nbsp;<br>Le baptême est en effet le sacrement de la foi, comme en témoigne la profession de foi que font les parents, parrain et marraine au cours de la cérémonie.&nbsp;<br>En demandant le baptême pour leur enfant, les parents sont donc invités à réfléchir à leur motivation. Il ne suffit pas de dire :&#8221;Il ira au catéchisme s&#8217;il en a envie.&nbsp;<br>Les parents ont mission d&#8217;assurer la transmission de la foi à leur enfant.</p>



<p>&nbsp;&#8230;&#8230;&#8230;&#8230;&#8230;&#8230;&#8230;&#8230;&#8230;&#8230;&#8230;&#8230;&#8230;&#8230;&#8230;&#8230;.</p>



<p>Si vous souhaitez demander le baptême pour votre enfant ou pour vous même <br>dans notre secteur paroissial, nous vous invitons à prendre contact <br>avec la Maison Paroissiale pour les inscriptions<br> ou avec Mme Marie-Noëlle Toulemonde au 05 63 64 79 16. </p>



<ul class="wp-block-list"><li>Si votre enfant a entre 0 et 2 ans, une préparation avec les parents est nécessaire.</li><li>Si votre enfant a entre 2 et 5 ans, nous vous proposons 5 rencontres familiales de préparation.</li><li>Si votre enfant a entre 6 et 10 ans, la préparation se fera dans le cadre de la catéchèse<br> (2 ans minimum).</li><li>Si votre enfant est au collège ou au lycée la préparation se fait dans le cadre <br>de l&#8217;aumônerie scolaire.</li><li>Et pour les adultes, avec le groupe de catéchuménat local et en lien avec le diocèse.</li></ul>

<!-- This site is optimized with the Yoast SEO plugin v27.3 - https://yoast.com/product/yoast-seo-wordpress/ -->
<title>Baptême pour enfants, jeunes et adultes - Verdun</title>
<meta name="robots" content="index, follow, max-snippet:-1, max-image-preview:large, max-video-preview:-1" />
<link rel="canonical" href="https://www.diocese-montauban.fr/verdun/paroisses/montech/bapteme-pour-enfants-jeunes-et-adultes/" />
<meta property="og:locale" content="fr_FR" />
<meta property="og:type" content="article" />
<meta property="og:title" content="Baptême pour enfants, jeunes et adultes - Verdun" />
<meta property="og:description" content="Le Baptême est le plus beau et le plus magnifique des dons de Dieu&#8230; Nous l&#8217;appelons don, grâce, onction, illumination, vêtement d&#8217;incorruptibilité, bain de régénération, sceau, et tout ce qu&#8217;il y [&hellip;]" />
<meta property="og:url" content="https://www.diocese-montauban.fr/verdun/paroisses/montech/bapteme-pour-enfants-jeunes-et-adultes/" />
<meta property="og:site_name" content="Verdun" />
<meta property="article:modified_time" content="2021-02-16T15:42:25+00:00" />
<meta property="og:image" content="https://www.diocese-montauban.fr/verdun/wp-content/uploads/sites/5/2021/02/image-9.jpeg" />
<meta name="twitter:card" content="summary_large_image" />
<meta name="twitter:label1" content="Durée de lecture estimée" />
	<meta name="twitter:data1" content="2 minutes" />
<script type="application/ld+json" class="yoast-schema-graph">{"@context":"https:\/\/schema.org","@graph":[{"@type":"WebPage","@id":"https:\/\/www.diocese-montauban.fr\/verdun\/paroisses\/montech\/bapteme-pour-enfants-jeunes-et-adultes\/","url":"https:\/\/www.diocese-montauban.fr\/verdun\/paroisses\/montech\/bapteme-pour-enfants-jeunes-et-adultes\/","name":"Baptême pour enfants, jeunes et adultes - Verdun","isPartOf":{"@id":"https:\/\/www.diocese-montauban.fr\/verdun\/#website"},"primaryImageOfPage":{"@id":"https:\/\/www.diocese-montauban.fr\/verdun\/paroisses\/montech\/bapteme-pour-enfants-jeunes-et-adultes\/#primaryimage"},"image":{"@id":"https:\/\/www.diocese-montauban.fr\/verdun\/paroisses\/montech\/bapteme-pour-enfants-jeunes-et-adultes\/#primaryimage"},"thumbnailUrl":"https:\/\/www.diocese-montauban.fr\/verdun\/wp-content\/uploads\/sites\/5\/2021\/02\/image-9.jpeg","datePublished":"2021-02-16T15:41:27+00:00","dateModified":"2021-02-16T15:42:25+00:00","breadcrumb":{"@id":"https:\/\/www.diocese-montauban.fr\/verdun\/paroisses\/montech\/bapteme-pour-enfants-jeunes-et-adultes\/#breadcrumb"},"inLanguage":"fr-FR","potentialAction":[{"@type":"ReadAction","target":["https:\/\/www.diocese-montauban.fr\/verdun\/paroisses\/montech\/bapteme-pour-enfants-jeunes-et-adultes\/"]}]},{"@type":"ImageObject","inLanguage":"fr-FR","@id":"https:\/\/www.diocese-montauban.fr\/verdun\/paroisses\/montech\/bapteme-pour-enfants-jeunes-et-adultes\/#primaryimage","url":"https:\/\/www.diocese-montauban.fr\/verdun\/wp-content\/uploads\/sites\/5\/2021\/02\/image-9.jpeg","contentUrl":"https:\/\/www.diocese-montauban.fr\/verdun\/wp-content\/uploads\/sites\/5\/2021\/02\/image-9.jpeg","width":400,"height":267},{"@type":"BreadcrumbList","@id":"https:\/\/www.diocese-montauban.fr\/verdun\/paroisses\/montech\/bapteme-pour-enfants-jeunes-et-adultes\/#breadcrumb","itemListElement":[{"@type":"ListItem","position":1,"name":"Accueil","item":"https:\/\/www.diocese-montauban.fr\/verdun\/"},{"@type":"ListItem","position":2,"name":"Montech","item":"https:\/\/www.diocese-montauban.fr\/verdun\/paroisses\/montech\/"},{"@type":"ListItem","position":3,"name":"Baptême pour enfants, jeunes et adultes"}]},{"@type":"WebSite","@id":"https:\/\/www.diocese-montauban.fr\/verdun\/#website","url":"https:\/\/www.diocese-montauban.fr\/verdun\/","name":"Verdun","description":"Diocèse de Montauban","potentialAction":[{"@type":"SearchAction","target":{"@type":"EntryPoint","urlTemplate":"https:\/\/www.diocese-montauban.fr\/verdun\/?s={search_term_string}"},"query-input":{"@type":"PropertyValueSpecification","valueRequired":true,"valueName":"search_term_string"}}],"inLanguage":"fr-FR"}]}</script>
<!-- / Yoast SEO plugin. -->

Baptême pour enfants, jeunes et adultes - Verdun

Le Baptême est le plus beau et le plus magnifique des dons de Dieu&#8230; Nous l&#8217;appelons don, grâce, onction, illumination, vêtement d&#8217;incorruptibilité, bain de régénération, sceau, et tout ce qu&#8217;il y [&hellip;]

Diocèse de Montauban
