{"id":52,"date":"2021-02-16T16:37:14","date_gmt":"2021-02-16T15:37:14","guid":{"rendered":"https:\/\/www.diocese-montauban.fr\/verdun\/?post_type=paroisse&#038;p=52"},"modified":"2021-02-16T16:37:50","modified_gmt":"2021-02-16T15:37:50","slug":"conseil-economique-secretariat","status":"publish","type":"paroisse","link":"https:\/\/www.diocese-montauban.fr\/verdun\/paroisses\/montech\/conseil-economique-secretariat\/","title":{"rendered":"Conseil \u00c9conomique &#8211; Secretariat"},"content":{"rendered":"\n<div class=\"wp-block-image\"><figure class=\"aligncenter size-large\"><img fetchpriority=\"high\" decoding=\"async\" width=\"400\" height=\"262\" src=\"https:\/\/www.diocese-montauban.fr\/verdun\/wp-content\/uploads\/sites\/5\/2021\/02\/image-6.jpeg\" alt=\"\" class=\"wp-image-54\"\/><\/figure><\/div>\n\n\n\n<p class=\"has-text-align-center\">Les paroisses vivent des dons des fid\u00e8les.&nbsp;<br>Contrairement \u00e0 une id\u00e9e re\u00e7ue, elles ne sont pas subventionn\u00e9es par l&#8217;Etat.<\/p>\n\n\n\n<p class=\"has-text-align-center\">La gestion des ressources par nos paroisses est aujourd&#8217;hui tr\u00e8s rigoureuse.<\/p>\n\n\n\n<p class=\"has-text-align-center\">Elle mobilise des b\u00e9n\u00e9voles comp\u00e9tents qui utilisent des outils informatiques professionnels.&nbsp;<br>Les proc\u00e9dures sont normalis\u00e9es.<\/p>\n\n\n\n<p class=\"has-text-align-center\"><br>C&#8217;est le Conseil Paroissial pour les Affaires Economiques (CPAE) qui garantit une gestion saine.&nbsp;<br>Ses membres comp\u00e9tents, (comptable, tr\u00e9sorier),&nbsp;<br>conseillent le Cur\u00e9 en tant que responsable de la paroisse&nbsp;<br>et de la bonne gestion de ses ressources.<\/p>\n\n\n\n<p class=\"has-text-align-center\"><br>Comme toute association ou entreprise, la paroisse g\u00e8re ses approvisionnements&nbsp;<br>de mani\u00e8re rigoureuse et \u00e9conome (\u00e9lectricit\u00e9, gaz, fournitures de bureau et liturgiques&#8230;).<\/p>\n\n\n\n<p class=\"has-text-align-center\">Permanence : le jeudi apr\u00e8s-midi \u00e0 la Maison Paroissiale de Montech.<\/p>\n","protected":false},"author":1,"featured_media":0,"parent":6,"menu_order":79,"template":"","meta":{"_acf_changed":false,"footnotes":""},"class_list":["post-52","paroisse","type-paroisse","status-publish","hentry"],"acf":[],"yoast_head":"<!-- This site is optimized with the Yoast SEO plugin v27.3 - https:\/\/yoast.com\/product\/yoast-seo-wordpress\/ -->\n<title>Conseil \u00c9conomique - Secretariat - Verdun<\/title>\n<meta name=\"robots\" content=\"index, follow, max-snippet:-1, max-image-preview:large, max-video-preview:-1\" \/>\n<link rel=\"canonical\" href=\"https:\/\/www.diocese-montauban.fr\/verdun\/paroisses\/montech\/conseil-economique-secretariat\/\" \/>\n<meta property=\"og:locale\" content=\"fr_FR\" \/>\n<meta property=\"og:type\" content=\"article\" \/>\n<meta property=\"og:title\" content=\"Conseil \u00c9conomique - Secretariat - Verdun\" \/>\n<meta property=\"og:description\" content=\"Les paroisses vivent des dons des fid\u00e8les.&nbsp;Contrairement \u00e0 une id\u00e9e re\u00e7ue, elles ne sont pas subventionn\u00e9es par l&#8217;Etat. La gestion des ressources par nos paroisses est aujourd&#8217;hui tr\u00e8s rigoureuse. Elle [&hellip;]\" \/>\n<meta property=\"og:url\" content=\"https:\/\/www.diocese-montauban.fr\/verdun\/paroisses\/montech\/conseil-economique-secretariat\/\" \/>\n<meta property=\"og:site_name\" content=\"Verdun\" \/>\n<meta property=\"article:modified_time\" content=\"2021-02-16T15:37:50+00:00\" \/>\n<meta property=\"og:image\" content=\"https:\/\/www.diocese-montauban.fr\/verdun\/wp-content\/uploads\/sites\/5\/2021\/02\/image-6.jpeg\" \/>\n<meta name=\"twitter:card\" content=\"summary_large_image\" \/>\n<meta name=\"twitter:label1\" content=\"Dur\u00e9e de lecture estim\u00e9e\" \/>\n\t<meta name=\"twitter:data1\" content=\"1 minute\" \/>\n<script type=\"application\/ld+json\" class=\"yoast-schema-graph\">{\"@context\":\"https:\\\/\\\/schema.org\",\"@graph\":[{\"@type\":\"WebPage\",\"@id\":\"https:\\\/\\\/www.diocese-montauban.fr\\\/verdun\\\/paroisses\\\/montech\\\/conseil-economique-secretariat\\\/\",\"url\":\"https:\\\/\\\/www.diocese-montauban.fr\\\/verdun\\\/paroisses\\\/montech\\\/conseil-economique-secretariat\\\/\",\"name\":\"Conseil \u00c9conomique - Secretariat - Verdun\",\"isPartOf\":{\"@id\":\"https:\\\/\\\/www.diocese-montauban.fr\\\/verdun\\\/#website\"},\"primaryImageOfPage\":{\"@id\":\"https:\\\/\\\/www.diocese-montauban.fr\\\/verdun\\\/paroisses\\\/montech\\\/conseil-economique-secretariat\\\/#primaryimage\"},\"image\":{\"@id\":\"https:\\\/\\\/www.diocese-montauban.fr\\\/verdun\\\/paroisses\\\/montech\\\/conseil-economique-secretariat\\\/#primaryimage\"},\"thumbnailUrl\":\"https:\\\/\\\/www.diocese-montauban.fr\\\/verdun\\\/wp-content\\\/uploads\\\/sites\\\/5\\\/2021\\\/02\\\/image-6.jpeg\",\"datePublished\":\"2021-02-16T15:37:14+00:00\",\"dateModified\":\"2021-02-16T15:37:50+00:00\",\"breadcrumb\":{\"@id\":\"https:\\\/\\\/www.diocese-montauban.fr\\\/verdun\\\/paroisses\\\/montech\\\/conseil-economique-secretariat\\\/#breadcrumb\"},\"inLanguage\":\"fr-FR\",\"potentialAction\":[{\"@type\":\"ReadAction\",\"target\":[\"https:\\\/\\\/www.diocese-montauban.fr\\\/verdun\\\/paroisses\\\/montech\\\/conseil-economique-secretariat\\\/\"]}]},{\"@type\":\"ImageObject\",\"inLanguage\":\"fr-FR\",\"@id\":\"https:\\\/\\\/www.diocese-montauban.fr\\\/verdun\\\/paroisses\\\/montech\\\/conseil-economique-secretariat\\\/#primaryimage\",\"url\":\"https:\\\/\\\/www.diocese-montauban.fr\\\/verdun\\\/wp-content\\\/uploads\\\/sites\\\/5\\\/2021\\\/02\\\/image-6.jpeg\",\"contentUrl\":\"https:\\\/\\\/www.diocese-montauban.fr\\\/verdun\\\/wp-content\\\/uploads\\\/sites\\\/5\\\/2021\\\/02\\\/image-6.jpeg\",\"width\":400,\"height\":262},{\"@type\":\"BreadcrumbList\",\"@id\":\"https:\\\/\\\/www.diocese-montauban.fr\\\/verdun\\\/paroisses\\\/montech\\\/conseil-economique-secretariat\\\/#breadcrumb\",\"itemListElement\":[{\"@type\":\"ListItem\",\"position\":1,\"name\":\"Accueil\",\"item\":\"https:\\\/\\\/www.diocese-montauban.fr\\\/verdun\\\/\"},{\"@type\":\"ListItem\",\"position\":2,\"name\":\"Montech\",\"item\":\"https:\\\/\\\/www.diocese-montauban.fr\\\/verdun\\\/paroisses\\\/montech\\\/\"},{\"@type\":\"ListItem\",\"position\":3,\"name\":\"Conseil \u00c9conomique &#8211; Secretariat\"}]},{\"@type\":\"WebSite\",\"@id\":\"https:\\\/\\\/www.diocese-montauban.fr\\\/verdun\\\/#website\",\"url\":\"https:\\\/\\\/www.diocese-montauban.fr\\\/verdun\\\/\",\"name\":\"Verdun\",\"description\":\"Dioc\u00e8se de Montauban\",\"potentialAction\":[{\"@type\":\"SearchAction\",\"target\":{\"@type\":\"EntryPoint\",\"urlTemplate\":\"https:\\\/\\\/www.diocese-montauban.fr\\\/verdun\\\/?s={search_term_string}\"},\"query-input\":{\"@type\":\"PropertyValueSpecification\",\"valueRequired\":true,\"valueName\":\"search_term_string\"}}],\"inLanguage\":\"fr-FR\"}]}<\/script>\n<!-- \/ Yoast SEO plugin. -->","yoast_head_json":{"title":"Conseil \u00c9conomique - Secretariat - Verdun","robots":{"index":"index","follow":"follow","max-snippet":"max-snippet:-1","max-image-preview":"max-image-preview:large","max-video-preview":"max-video-preview:-1"},"canonical":"https:\/\/www.diocese-montauban.fr\/verdun\/paroisses\/montech\/conseil-economique-secretariat\/","og_locale":"fr_FR","og_type":"article","og_title":"Conseil \u00c9conomique - Secretariat - Verdun","og_description":"Les paroisses vivent des dons des fid\u00e8les.&nbsp;Contrairement \u00e0 une id\u00e9e re\u00e7ue, elles ne sont pas subventionn\u00e9es par l&#8217;Etat. La gestion des ressources par nos paroisses est aujourd&#8217;hui tr\u00e8s rigoureuse. Elle [&hellip;]","og_url":"https:\/\/www.diocese-montauban.fr\/verdun\/paroisses\/montech\/conseil-economique-secretariat\/","og_site_name":"Verdun","article_modified_time":"2021-02-16T15:37:50+00:00","og_image":[{"url":"https:\/\/www.diocese-montauban.fr\/verdun\/wp-content\/uploads\/sites\/5\/2021\/02\/image-6.jpeg","type":"","width":"","height":""}],"twitter_card":"summary_large_image","twitter_misc":{"Dur\u00e9e de lecture estim\u00e9e":"1 minute"},"schema":{"@context":"https:\/\/schema.org","@graph":[{"@type":"WebPage","@id":"https:\/\/www.diocese-montauban.fr\/verdun\/paroisses\/montech\/conseil-economique-secretariat\/","url":"https:\/\/www.diocese-montauban.fr\/verdun\/paroisses\/montech\/conseil-economique-secretariat\/","name":"Conseil \u00c9conomique - Secretariat - Verdun","isPartOf":{"@id":"https:\/\/www.diocese-montauban.fr\/verdun\/#website"},"primaryImageOfPage":{"@id":"https:\/\/www.diocese-montauban.fr\/verdun\/paroisses\/montech\/conseil-economique-secretariat\/#primaryimage"},"image":{"@id":"https:\/\/www.diocese-montauban.fr\/verdun\/paroisses\/montech\/conseil-economique-secretariat\/#primaryimage"},"thumbnailUrl":"https:\/\/www.diocese-montauban.fr\/verdun\/wp-content\/uploads\/sites\/5\/2021\/02\/image-6.jpeg","datePublished":"2021-02-16T15:37:14+00:00","dateModified":"2021-02-16T15:37:50+00:00","breadcrumb":{"@id":"https:\/\/www.diocese-montauban.fr\/verdun\/paroisses\/montech\/conseil-economique-secretariat\/#breadcrumb"},"inLanguage":"fr-FR","potentialAction":[{"@type":"ReadAction","target":["https:\/\/www.diocese-montauban.fr\/verdun\/paroisses\/montech\/conseil-economique-secretariat\/"]}]},{"@type":"ImageObject","inLanguage":"fr-FR","@id":"https:\/\/www.diocese-montauban.fr\/verdun\/paroisses\/montech\/conseil-economique-secretariat\/#primaryimage","url":"https:\/\/www.diocese-montauban.fr\/verdun\/wp-content\/uploads\/sites\/5\/2021\/02\/image-6.jpeg","contentUrl":"https:\/\/www.diocese-montauban.fr\/verdun\/wp-content\/uploads\/sites\/5\/2021\/02\/image-6.jpeg","width":400,"height":262},{"@type":"BreadcrumbList","@id":"https:\/\/www.diocese-montauban.fr\/verdun\/paroisses\/montech\/conseil-economique-secretariat\/#breadcrumb","itemListElement":[{"@type":"ListItem","position":1,"name":"Accueil","item":"https:\/\/www.diocese-montauban.fr\/verdun\/"},{"@type":"ListItem","position":2,"name":"Montech","item":"https:\/\/www.diocese-montauban.fr\/verdun\/paroisses\/montech\/"},{"@type":"ListItem","position":3,"name":"Conseil \u00c9conomique &#8211; Secretariat"}]},{"@type":"WebSite","@id":"https:\/\/www.diocese-montauban.fr\/verdun\/#website","url":"https:\/\/www.diocese-montauban.fr\/verdun\/","name":"Verdun","description":"Dioc\u00e8se de Montauban","potentialAction":[{"@type":"SearchAction","target":{"@type":"EntryPoint","urlTemplate":"https:\/\/www.diocese-montauban.fr\/verdun\/?s={search_term_string}"},"query-input":{"@type":"PropertyValueSpecification","valueRequired":true,"valueName":"search_term_string"}}],"inLanguage":"fr-FR"}]}},"_links":{"self":[{"href":"https:\/\/www.diocese-montauban.fr\/verdun\/wp-json\/wp\/v2\/paroisse\/52","targetHints":{"allow":["GET"]}}],"collection":[{"href":"https:\/\/www.diocese-montauban.fr\/verdun\/wp-json\/wp\/v2\/paroisse"}],"about":[{"href":"https:\/\/www.diocese-montauban.fr\/verdun\/wp-json\/wp\/v2\/types\/paroisse"}],"author":[{"embeddable":true,"href":"https:\/\/www.diocese-montauban.fr\/verdun\/wp-json\/wp\/v2\/users\/1"}],"version-history":[{"count":3,"href":"https:\/\/www.diocese-montauban.fr\/verdun\/wp-json\/wp\/v2\/paroisse\/52\/revisions"}],"predecessor-version":[{"id":56,"href":"https:\/\/www.diocese-montauban.fr\/verdun\/wp-json\/wp\/v2\/paroisse\/52\/revisions\/56"}],"up":[{"embeddable":true,"href":"https:\/\/www.diocese-montauban.fr\/verdun\/wp-json\/wp\/v2\/paroisse\/6"}],"wp:attachment":[{"href":"https:\/\/www.diocese-montauban.fr\/verdun\/wp-json\/wp\/v2\/media?parent=52"}],"curies":[{"name":"wp","href":"https:\/\/api.w.org\/{rel}","templated":true}]}}

Conseil Économique &#8211; Secretariat

<div class="wp-block-image"><figure class="aligncenter size-large"><img fetchpriority="high" decoding="async" width="400" height="262" src="https://www.diocese-montauban.fr/verdun/wp-content/uploads/sites/5/2021/02/image-6.jpeg" alt="" class="wp-image-54"/></figure></div>



<p class="has-text-align-center">Les paroisses vivent des dons des fidèles.&nbsp;<br>Contrairement à une idée reçue, elles ne sont pas subventionnées par l&#8217;Etat.</p>



<p class="has-text-align-center">La gestion des ressources par nos paroisses est aujourd&#8217;hui très rigoureuse.</p>



<p class="has-text-align-center">Elle mobilise des bénévoles compétents qui utilisent des outils informatiques professionnels.&nbsp;<br>Les procédures sont normalisées.</p>



<p class="has-text-align-center"><br>C&#8217;est le Conseil Paroissial pour les Affaires Economiques (CPAE) qui garantit une gestion saine.&nbsp;<br>Ses membres compétents, (comptable, trésorier),&nbsp;<br>conseillent le Curé en tant que responsable de la paroisse&nbsp;<br>et de la bonne gestion de ses ressources.</p>



<p class="has-text-align-center"><br>Comme toute association ou entreprise, la paroisse gère ses approvisionnements&nbsp;<br>de manière rigoureuse et économe (électricité, gaz, fournitures de bureau et liturgiques&#8230;).</p>



<p class="has-text-align-center">Permanence : le jeudi après-midi à la Maison Paroissiale de Montech.</p>

<!-- This site is optimized with the Yoast SEO plugin v27.3 - https://yoast.com/product/yoast-seo-wordpress/ -->
<title>Conseil Économique - Secretariat - Verdun</title>
<meta name="robots" content="index, follow, max-snippet:-1, max-image-preview:large, max-video-preview:-1" />
<link rel="canonical" href="https://www.diocese-montauban.fr/verdun/paroisses/montech/conseil-economique-secretariat/" />
<meta property="og:locale" content="fr_FR" />
<meta property="og:type" content="article" />
<meta property="og:title" content="Conseil Économique - Secretariat - Verdun" />
<meta property="og:description" content="Les paroisses vivent des dons des fidèles.&nbsp;Contrairement à une idée reçue, elles ne sont pas subventionnées par l&#8217;Etat. La gestion des ressources par nos paroisses est aujourd&#8217;hui très rigoureuse. Elle [&hellip;]" />
<meta property="og:url" content="https://www.diocese-montauban.fr/verdun/paroisses/montech/conseil-economique-secretariat/" />
<meta property="og:site_name" content="Verdun" />
<meta property="article:modified_time" content="2021-02-16T15:37:50+00:00" />
<meta property="og:image" content="https://www.diocese-montauban.fr/verdun/wp-content/uploads/sites/5/2021/02/image-6.jpeg" />
<meta name="twitter:card" content="summary_large_image" />
<meta name="twitter:label1" content="Durée de lecture estimée" />
	<meta name="twitter:data1" content="1 minute" />
<script type="application/ld+json" class="yoast-schema-graph">{"@context":"https:\/\/schema.org","@graph":[{"@type":"WebPage","@id":"https:\/\/www.diocese-montauban.fr\/verdun\/paroisses\/montech\/conseil-economique-secretariat\/","url":"https:\/\/www.diocese-montauban.fr\/verdun\/paroisses\/montech\/conseil-economique-secretariat\/","name":"Conseil Économique - Secretariat - Verdun","isPartOf":{"@id":"https:\/\/www.diocese-montauban.fr\/verdun\/#website"},"primaryImageOfPage":{"@id":"https:\/\/www.diocese-montauban.fr\/verdun\/paroisses\/montech\/conseil-economique-secretariat\/#primaryimage"},"image":{"@id":"https:\/\/www.diocese-montauban.fr\/verdun\/paroisses\/montech\/conseil-economique-secretariat\/#primaryimage"},"thumbnailUrl":"https:\/\/www.diocese-montauban.fr\/verdun\/wp-content\/uploads\/sites\/5\/2021\/02\/image-6.jpeg","datePublished":"2021-02-16T15:37:14+00:00","dateModified":"2021-02-16T15:37:50+00:00","breadcrumb":{"@id":"https:\/\/www.diocese-montauban.fr\/verdun\/paroisses\/montech\/conseil-economique-secretariat\/#breadcrumb"},"inLanguage":"fr-FR","potentialAction":[{"@type":"ReadAction","target":["https:\/\/www.diocese-montauban.fr\/verdun\/paroisses\/montech\/conseil-economique-secretariat\/"]}]},{"@type":"ImageObject","inLanguage":"fr-FR","@id":"https:\/\/www.diocese-montauban.fr\/verdun\/paroisses\/montech\/conseil-economique-secretariat\/#primaryimage","url":"https:\/\/www.diocese-montauban.fr\/verdun\/wp-content\/uploads\/sites\/5\/2021\/02\/image-6.jpeg","contentUrl":"https:\/\/www.diocese-montauban.fr\/verdun\/wp-content\/uploads\/sites\/5\/2021\/02\/image-6.jpeg","width":400,"height":262},{"@type":"BreadcrumbList","@id":"https:\/\/www.diocese-montauban.fr\/verdun\/paroisses\/montech\/conseil-economique-secretariat\/#breadcrumb","itemListElement":[{"@type":"ListItem","position":1,"name":"Accueil","item":"https:\/\/www.diocese-montauban.fr\/verdun\/"},{"@type":"ListItem","position":2,"name":"Montech","item":"https:\/\/www.diocese-montauban.fr\/verdun\/paroisses\/montech\/"},{"@type":"ListItem","position":3,"name":"Conseil Économique &#8211; Secretariat"}]},{"@type":"WebSite","@id":"https:\/\/www.diocese-montauban.fr\/verdun\/#website","url":"https:\/\/www.diocese-montauban.fr\/verdun\/","name":"Verdun","description":"Diocèse de Montauban","potentialAction":[{"@type":"SearchAction","target":{"@type":"EntryPoint","urlTemplate":"https:\/\/www.diocese-montauban.fr\/verdun\/?s={search_term_string}"},"query-input":{"@type":"PropertyValueSpecification","valueRequired":true,"valueName":"search_term_string"}}],"inLanguage":"fr-FR"}]}</script>
<!-- / Yoast SEO plugin. -->

Conseil Économique - Secretariat - Verdun

Les paroisses vivent des dons des fidèles.&nbsp;Contrairement à une idée reçue, elles ne sont pas subventionnées par l&#8217;Etat. La gestion des ressources par nos paroisses est aujourd&#8217;hui très rigoureuse. Elle [&hellip;]

Diocèse de Montauban
