{"id":48,"date":"2021-02-16T16:29:11","date_gmt":"2021-02-16T15:29:11","guid":{"rendered":"https:\/\/www.diocese-montauban.fr\/verdun\/?post_type=paroisse&#038;p=48"},"modified":"2021-02-16T16:29:11","modified_gmt":"2021-02-16T15:29:11","slug":"aumonerie-evangelique-et-service-aux-malades","status":"publish","type":"paroisse","link":"https:\/\/www.diocese-montauban.fr\/verdun\/paroisses\/montech\/aumonerie-evangelique-et-service-aux-malades\/","title":{"rendered":"Aum\u00f4nerie \u00e9vang\u00e9lique et service aux malades"},"content":{"rendered":"\n<div class=\"wp-block-image\"><figure class=\"aligncenter size-large\"><img fetchpriority=\"high\" decoding=\"async\" width=\"400\" height=\"266\" src=\"https:\/\/www.diocese-montauban.fr\/verdun\/wp-content\/uploads\/sites\/5\/2021\/02\/image-5.jpeg\" alt=\"\" class=\"wp-image-49\"\/><\/figure><\/div>\n\n\n\n<p class=\"has-text-align-center\">Mich\u00e8le MACIEJASZ&nbsp;s&#8217;occupe du service d&#8217;aumonerie,&nbsp;<br>rend visite \u00e0 ces personnes qui sont seules,&nbsp;<br>eloign\u00e9es ou malades.&nbsp;<br>Ces personnes sont tout \u00e0 c\u00f4t\u00e9 de nos maisons,&nbsp;<br>et ont besoin de nous.<\/p>\n\n\n\n<p class=\"has-text-align-center\">Elle porte l&#8217;eucharistie \u00e0 domicile, et donne aussi,&nbsp;<br>en toute simplicit\u00e9, de l&#8217;attention,&nbsp;<br>du temps, et une pr\u00e9sence affectueuse.<\/p>\n\n\n\n<p class=\"has-text-align-center\">Si vous souhaitez l&#8217;accompagner, donner un peu de votre temps,&nbsp;<br>n&#8217;h\u00e9sitez pas \u00e0 la contacter.<\/p>\n\n\n\n<p class=\"has-text-align-center\">&nbsp;&#8220;Ecouter est peut-\u00eatre le plus beau cadeau&nbsp;<br>que nous puissions faire \u00e0 quelqu&#8217;un&#8230;&nbsp;<\/p>\n\n\n\n<p class=\"has-text-align-center\">C&#8217;est lui dire, non pas avec des mots,&nbsp;<br>mais avec ses yeux, son visage, son sourire&nbsp;<br>et tout son corps : tu es important pour moi,&nbsp;<br>tu es int\u00e9ressant, je suis heureux que tu sois l\u00e0&#8230;..&nbsp;<\/p>\n\n\n\n<p class=\"has-text-align-center\">Ecouter, c&#8217;est commencer par se taire.&nbsp;<\/p>\n\n\n\n<p class=\"has-text-align-center\">Ecouter, c&#8217;est accueillir l&#8217;autre&nbsp;<br>avec reconnaissance tel qu&#8217;il se d\u00e9finit lui-m\u00eame&nbsp;<br>sans se substituer \u00e0 lui pour dire ce qu&#8217;il doit \u00eatre.&nbsp;<\/p>\n\n\n\n<p class=\"has-text-align-center\">Ecouter, c&#8217;est donner \u00e0 l&#8217;autre&nbsp;<br>ce que l&#8217;on ne nous a peut-\u00eatre jamais donn\u00e9:&nbsp;<br>de l&#8217;attention, du temps, une pr\u00e9sence affectueuse&#8221;.<\/p>\n","protected":false},"author":1,"featured_media":0,"parent":6,"menu_order":80,"template":"","meta":{"_acf_changed":false,"footnotes":""},"class_list":["post-48","paroisse","type-paroisse","status-publish","hentry"],"acf":[],"yoast_head":"<!-- This site is optimized with the Yoast SEO plugin v27.3 - https:\/\/yoast.com\/product\/yoast-seo-wordpress\/ -->\n<title>Aum\u00f4nerie \u00e9vang\u00e9lique et service aux malades - Verdun<\/title>\n<meta name=\"robots\" content=\"index, follow, max-snippet:-1, max-image-preview:large, max-video-preview:-1\" \/>\n<link rel=\"canonical\" href=\"https:\/\/www.diocese-montauban.fr\/verdun\/paroisses\/montech\/aumonerie-evangelique-et-service-aux-malades\/\" \/>\n<meta property=\"og:locale\" content=\"fr_FR\" \/>\n<meta property=\"og:type\" content=\"article\" \/>\n<meta property=\"og:title\" content=\"Aum\u00f4nerie \u00e9vang\u00e9lique et service aux malades - Verdun\" \/>\n<meta property=\"og:description\" content=\"Mich\u00e8le MACIEJASZ&nbsp;s&#8217;occupe du service d&#8217;aumonerie,&nbsp;rend visite \u00e0 ces personnes qui sont seules,&nbsp;eloign\u00e9es ou malades.&nbsp;Ces personnes sont tout \u00e0 c\u00f4t\u00e9 de nos maisons,&nbsp;et ont besoin de nous. Elle porte l&#8217;eucharistie \u00e0 [&hellip;]\" \/>\n<meta property=\"og:url\" content=\"https:\/\/www.diocese-montauban.fr\/verdun\/paroisses\/montech\/aumonerie-evangelique-et-service-aux-malades\/\" \/>\n<meta property=\"og:site_name\" content=\"Verdun\" \/>\n<meta property=\"og:image\" content=\"https:\/\/www.diocese-montauban.fr\/verdun\/wp-content\/uploads\/sites\/5\/2021\/02\/image-5.jpeg\" \/>\n<meta name=\"twitter:card\" content=\"summary_large_image\" \/>\n<meta name=\"twitter:label1\" content=\"Dur\u00e9e de lecture estim\u00e9e\" \/>\n\t<meta name=\"twitter:data1\" content=\"1 minute\" \/>\n<script type=\"application\/ld+json\" class=\"yoast-schema-graph\">{\"@context\":\"https:\\\/\\\/schema.org\",\"@graph\":[{\"@type\":\"WebPage\",\"@id\":\"https:\\\/\\\/www.diocese-montauban.fr\\\/verdun\\\/paroisses\\\/montech\\\/aumonerie-evangelique-et-service-aux-malades\\\/\",\"url\":\"https:\\\/\\\/www.diocese-montauban.fr\\\/verdun\\\/paroisses\\\/montech\\\/aumonerie-evangelique-et-service-aux-malades\\\/\",\"name\":\"Aum\u00f4nerie \u00e9vang\u00e9lique et service aux malades - Verdun\",\"isPartOf\":{\"@id\":\"https:\\\/\\\/www.diocese-montauban.fr\\\/verdun\\\/#website\"},\"primaryImageOfPage\":{\"@id\":\"https:\\\/\\\/www.diocese-montauban.fr\\\/verdun\\\/paroisses\\\/montech\\\/aumonerie-evangelique-et-service-aux-malades\\\/#primaryimage\"},\"image\":{\"@id\":\"https:\\\/\\\/www.diocese-montauban.fr\\\/verdun\\\/paroisses\\\/montech\\\/aumonerie-evangelique-et-service-aux-malades\\\/#primaryimage\"},\"thumbnailUrl\":\"https:\\\/\\\/www.diocese-montauban.fr\\\/verdun\\\/wp-content\\\/uploads\\\/sites\\\/5\\\/2021\\\/02\\\/image-5.jpeg\",\"datePublished\":\"2021-02-16T15:29:11+00:00\",\"breadcrumb\":{\"@id\":\"https:\\\/\\\/www.diocese-montauban.fr\\\/verdun\\\/paroisses\\\/montech\\\/aumonerie-evangelique-et-service-aux-malades\\\/#breadcrumb\"},\"inLanguage\":\"fr-FR\",\"potentialAction\":[{\"@type\":\"ReadAction\",\"target\":[\"https:\\\/\\\/www.diocese-montauban.fr\\\/verdun\\\/paroisses\\\/montech\\\/aumonerie-evangelique-et-service-aux-malades\\\/\"]}]},{\"@type\":\"ImageObject\",\"inLanguage\":\"fr-FR\",\"@id\":\"https:\\\/\\\/www.diocese-montauban.fr\\\/verdun\\\/paroisses\\\/montech\\\/aumonerie-evangelique-et-service-aux-malades\\\/#primaryimage\",\"url\":\"https:\\\/\\\/www.diocese-montauban.fr\\\/verdun\\\/wp-content\\\/uploads\\\/sites\\\/5\\\/2021\\\/02\\\/image-5.jpeg\",\"contentUrl\":\"https:\\\/\\\/www.diocese-montauban.fr\\\/verdun\\\/wp-content\\\/uploads\\\/sites\\\/5\\\/2021\\\/02\\\/image-5.jpeg\",\"width\":400,\"height\":266},{\"@type\":\"BreadcrumbList\",\"@id\":\"https:\\\/\\\/www.diocese-montauban.fr\\\/verdun\\\/paroisses\\\/montech\\\/aumonerie-evangelique-et-service-aux-malades\\\/#breadcrumb\",\"itemListElement\":[{\"@type\":\"ListItem\",\"position\":1,\"name\":\"Accueil\",\"item\":\"https:\\\/\\\/www.diocese-montauban.fr\\\/verdun\\\/\"},{\"@type\":\"ListItem\",\"position\":2,\"name\":\"Montech\",\"item\":\"https:\\\/\\\/www.diocese-montauban.fr\\\/verdun\\\/paroisses\\\/montech\\\/\"},{\"@type\":\"ListItem\",\"position\":3,\"name\":\"Aum\u00f4nerie \u00e9vang\u00e9lique et service aux malades\"}]},{\"@type\":\"WebSite\",\"@id\":\"https:\\\/\\\/www.diocese-montauban.fr\\\/verdun\\\/#website\",\"url\":\"https:\\\/\\\/www.diocese-montauban.fr\\\/verdun\\\/\",\"name\":\"Verdun\",\"description\":\"Dioc\u00e8se de Montauban\",\"potentialAction\":[{\"@type\":\"SearchAction\",\"target\":{\"@type\":\"EntryPoint\",\"urlTemplate\":\"https:\\\/\\\/www.diocese-montauban.fr\\\/verdun\\\/?s={search_term_string}\"},\"query-input\":{\"@type\":\"PropertyValueSpecification\",\"valueRequired\":true,\"valueName\":\"search_term_string\"}}],\"inLanguage\":\"fr-FR\"}]}<\/script>\n<!-- \/ Yoast SEO plugin. -->","yoast_head_json":{"title":"Aum\u00f4nerie \u00e9vang\u00e9lique et service aux malades - Verdun","robots":{"index":"index","follow":"follow","max-snippet":"max-snippet:-1","max-image-preview":"max-image-preview:large","max-video-preview":"max-video-preview:-1"},"canonical":"https:\/\/www.diocese-montauban.fr\/verdun\/paroisses\/montech\/aumonerie-evangelique-et-service-aux-malades\/","og_locale":"fr_FR","og_type":"article","og_title":"Aum\u00f4nerie \u00e9vang\u00e9lique et service aux malades - Verdun","og_description":"Mich\u00e8le MACIEJASZ&nbsp;s&#8217;occupe du service d&#8217;aumonerie,&nbsp;rend visite \u00e0 ces personnes qui sont seules,&nbsp;eloign\u00e9es ou malades.&nbsp;Ces personnes sont tout \u00e0 c\u00f4t\u00e9 de nos maisons,&nbsp;et ont besoin de nous. Elle porte l&#8217;eucharistie \u00e0 [&hellip;]","og_url":"https:\/\/www.diocese-montauban.fr\/verdun\/paroisses\/montech\/aumonerie-evangelique-et-service-aux-malades\/","og_site_name":"Verdun","og_image":[{"url":"https:\/\/www.diocese-montauban.fr\/verdun\/wp-content\/uploads\/sites\/5\/2021\/02\/image-5.jpeg","type":"","width":"","height":""}],"twitter_card":"summary_large_image","twitter_misc":{"Dur\u00e9e de lecture estim\u00e9e":"1 minute"},"schema":{"@context":"https:\/\/schema.org","@graph":[{"@type":"WebPage","@id":"https:\/\/www.diocese-montauban.fr\/verdun\/paroisses\/montech\/aumonerie-evangelique-et-service-aux-malades\/","url":"https:\/\/www.diocese-montauban.fr\/verdun\/paroisses\/montech\/aumonerie-evangelique-et-service-aux-malades\/","name":"Aum\u00f4nerie \u00e9vang\u00e9lique et service aux malades - Verdun","isPartOf":{"@id":"https:\/\/www.diocese-montauban.fr\/verdun\/#website"},"primaryImageOfPage":{"@id":"https:\/\/www.diocese-montauban.fr\/verdun\/paroisses\/montech\/aumonerie-evangelique-et-service-aux-malades\/#primaryimage"},"image":{"@id":"https:\/\/www.diocese-montauban.fr\/verdun\/paroisses\/montech\/aumonerie-evangelique-et-service-aux-malades\/#primaryimage"},"thumbnailUrl":"https:\/\/www.diocese-montauban.fr\/verdun\/wp-content\/uploads\/sites\/5\/2021\/02\/image-5.jpeg","datePublished":"2021-02-16T15:29:11+00:00","breadcrumb":{"@id":"https:\/\/www.diocese-montauban.fr\/verdun\/paroisses\/montech\/aumonerie-evangelique-et-service-aux-malades\/#breadcrumb"},"inLanguage":"fr-FR","potentialAction":[{"@type":"ReadAction","target":["https:\/\/www.diocese-montauban.fr\/verdun\/paroisses\/montech\/aumonerie-evangelique-et-service-aux-malades\/"]}]},{"@type":"ImageObject","inLanguage":"fr-FR","@id":"https:\/\/www.diocese-montauban.fr\/verdun\/paroisses\/montech\/aumonerie-evangelique-et-service-aux-malades\/#primaryimage","url":"https:\/\/www.diocese-montauban.fr\/verdun\/wp-content\/uploads\/sites\/5\/2021\/02\/image-5.jpeg","contentUrl":"https:\/\/www.diocese-montauban.fr\/verdun\/wp-content\/uploads\/sites\/5\/2021\/02\/image-5.jpeg","width":400,"height":266},{"@type":"BreadcrumbList","@id":"https:\/\/www.diocese-montauban.fr\/verdun\/paroisses\/montech\/aumonerie-evangelique-et-service-aux-malades\/#breadcrumb","itemListElement":[{"@type":"ListItem","position":1,"name":"Accueil","item":"https:\/\/www.diocese-montauban.fr\/verdun\/"},{"@type":"ListItem","position":2,"name":"Montech","item":"https:\/\/www.diocese-montauban.fr\/verdun\/paroisses\/montech\/"},{"@type":"ListItem","position":3,"name":"Aum\u00f4nerie \u00e9vang\u00e9lique et service aux malades"}]},{"@type":"WebSite","@id":"https:\/\/www.diocese-montauban.fr\/verdun\/#website","url":"https:\/\/www.diocese-montauban.fr\/verdun\/","name":"Verdun","description":"Dioc\u00e8se de Montauban","potentialAction":[{"@type":"SearchAction","target":{"@type":"EntryPoint","urlTemplate":"https:\/\/www.diocese-montauban.fr\/verdun\/?s={search_term_string}"},"query-input":{"@type":"PropertyValueSpecification","valueRequired":true,"valueName":"search_term_string"}}],"inLanguage":"fr-FR"}]}},"_links":{"self":[{"href":"https:\/\/www.diocese-montauban.fr\/verdun\/wp-json\/wp\/v2\/paroisse\/48","targetHints":{"allow":["GET"]}}],"collection":[{"href":"https:\/\/www.diocese-montauban.fr\/verdun\/wp-json\/wp\/v2\/paroisse"}],"about":[{"href":"https:\/\/www.diocese-montauban.fr\/verdun\/wp-json\/wp\/v2\/types\/paroisse"}],"author":[{"embeddable":true,"href":"https:\/\/www.diocese-montauban.fr\/verdun\/wp-json\/wp\/v2\/users\/1"}],"version-history":[{"count":2,"href":"https:\/\/www.diocese-montauban.fr\/verdun\/wp-json\/wp\/v2\/paroisse\/48\/revisions"}],"predecessor-version":[{"id":51,"href":"https:\/\/www.diocese-montauban.fr\/verdun\/wp-json\/wp\/v2\/paroisse\/48\/revisions\/51"}],"up":[{"embeddable":true,"href":"https:\/\/www.diocese-montauban.fr\/verdun\/wp-json\/wp\/v2\/paroisse\/6"}],"wp:attachment":[{"href":"https:\/\/www.diocese-montauban.fr\/verdun\/wp-json\/wp\/v2\/media?parent=48"}],"curies":[{"name":"wp","href":"https:\/\/api.w.org\/{rel}","templated":true}]}}

Aumônerie évangélique et service aux malades

<div class="wp-block-image"><figure class="aligncenter size-large"><img fetchpriority="high" decoding="async" width="400" height="266" src="https://www.diocese-montauban.fr/verdun/wp-content/uploads/sites/5/2021/02/image-5.jpeg" alt="" class="wp-image-49"/></figure></div>



<p class="has-text-align-center">Michèle MACIEJASZ&nbsp;s&#8217;occupe du service d&#8217;aumonerie,&nbsp;<br>rend visite à ces personnes qui sont seules,&nbsp;<br>eloignées ou malades.&nbsp;<br>Ces personnes sont tout à côté de nos maisons,&nbsp;<br>et ont besoin de nous.</p>



<p class="has-text-align-center">Elle porte l&#8217;eucharistie à domicile, et donne aussi,&nbsp;<br>en toute simplicité, de l&#8217;attention,&nbsp;<br>du temps, et une présence affectueuse.</p>



<p class="has-text-align-center">Si vous souhaitez l&#8217;accompagner, donner un peu de votre temps,&nbsp;<br>n&#8217;hésitez pas à la contacter.</p>



<p class="has-text-align-center">&nbsp;&#8220;Ecouter est peut-être le plus beau cadeau&nbsp;<br>que nous puissions faire à quelqu&#8217;un&#8230;&nbsp;</p>



<p class="has-text-align-center">C&#8217;est lui dire, non pas avec des mots,&nbsp;<br>mais avec ses yeux, son visage, son sourire&nbsp;<br>et tout son corps : tu es important pour moi,&nbsp;<br>tu es intéressant, je suis heureux que tu sois là&#8230;..&nbsp;</p>



<p class="has-text-align-center">Ecouter, c&#8217;est commencer par se taire.&nbsp;</p>



<p class="has-text-align-center">Ecouter, c&#8217;est accueillir l&#8217;autre&nbsp;<br>avec reconnaissance tel qu&#8217;il se définit lui-même&nbsp;<br>sans se substituer à lui pour dire ce qu&#8217;il doit être.&nbsp;</p>



<p class="has-text-align-center">Ecouter, c&#8217;est donner à l&#8217;autre&nbsp;<br>ce que l&#8217;on ne nous a peut-être jamais donné:&nbsp;<br>de l&#8217;attention, du temps, une présence affectueuse&#8221;.</p>

<!-- This site is optimized with the Yoast SEO plugin v27.3 - https://yoast.com/product/yoast-seo-wordpress/ -->
<title>Aumônerie évangélique et service aux malades - Verdun</title>
<meta name="robots" content="index, follow, max-snippet:-1, max-image-preview:large, max-video-preview:-1" />
<link rel="canonical" href="https://www.diocese-montauban.fr/verdun/paroisses/montech/aumonerie-evangelique-et-service-aux-malades/" />
<meta property="og:locale" content="fr_FR" />
<meta property="og:type" content="article" />
<meta property="og:title" content="Aumônerie évangélique et service aux malades - Verdun" />
<meta property="og:description" content="Michèle MACIEJASZ&nbsp;s&#8217;occupe du service d&#8217;aumonerie,&nbsp;rend visite à ces personnes qui sont seules,&nbsp;eloignées ou malades.&nbsp;Ces personnes sont tout à côté de nos maisons,&nbsp;et ont besoin de nous. Elle porte l&#8217;eucharistie à [&hellip;]" />
<meta property="og:url" content="https://www.diocese-montauban.fr/verdun/paroisses/montech/aumonerie-evangelique-et-service-aux-malades/" />
<meta property="og:site_name" content="Verdun" />
<meta property="og:image" content="https://www.diocese-montauban.fr/verdun/wp-content/uploads/sites/5/2021/02/image-5.jpeg" />
<meta name="twitter:card" content="summary_large_image" />
<meta name="twitter:label1" content="Durée de lecture estimée" />
	<meta name="twitter:data1" content="1 minute" />
<script type="application/ld+json" class="yoast-schema-graph">{"@context":"https:\/\/schema.org","@graph":[{"@type":"WebPage","@id":"https:\/\/www.diocese-montauban.fr\/verdun\/paroisses\/montech\/aumonerie-evangelique-et-service-aux-malades\/","url":"https:\/\/www.diocese-montauban.fr\/verdun\/paroisses\/montech\/aumonerie-evangelique-et-service-aux-malades\/","name":"Aumônerie évangélique et service aux malades - Verdun","isPartOf":{"@id":"https:\/\/www.diocese-montauban.fr\/verdun\/#website"},"primaryImageOfPage":{"@id":"https:\/\/www.diocese-montauban.fr\/verdun\/paroisses\/montech\/aumonerie-evangelique-et-service-aux-malades\/#primaryimage"},"image":{"@id":"https:\/\/www.diocese-montauban.fr\/verdun\/paroisses\/montech\/aumonerie-evangelique-et-service-aux-malades\/#primaryimage"},"thumbnailUrl":"https:\/\/www.diocese-montauban.fr\/verdun\/wp-content\/uploads\/sites\/5\/2021\/02\/image-5.jpeg","datePublished":"2021-02-16T15:29:11+00:00","breadcrumb":{"@id":"https:\/\/www.diocese-montauban.fr\/verdun\/paroisses\/montech\/aumonerie-evangelique-et-service-aux-malades\/#breadcrumb"},"inLanguage":"fr-FR","potentialAction":[{"@type":"ReadAction","target":["https:\/\/www.diocese-montauban.fr\/verdun\/paroisses\/montech\/aumonerie-evangelique-et-service-aux-malades\/"]}]},{"@type":"ImageObject","inLanguage":"fr-FR","@id":"https:\/\/www.diocese-montauban.fr\/verdun\/paroisses\/montech\/aumonerie-evangelique-et-service-aux-malades\/#primaryimage","url":"https:\/\/www.diocese-montauban.fr\/verdun\/wp-content\/uploads\/sites\/5\/2021\/02\/image-5.jpeg","contentUrl":"https:\/\/www.diocese-montauban.fr\/verdun\/wp-content\/uploads\/sites\/5\/2021\/02\/image-5.jpeg","width":400,"height":266},{"@type":"BreadcrumbList","@id":"https:\/\/www.diocese-montauban.fr\/verdun\/paroisses\/montech\/aumonerie-evangelique-et-service-aux-malades\/#breadcrumb","itemListElement":[{"@type":"ListItem","position":1,"name":"Accueil","item":"https:\/\/www.diocese-montauban.fr\/verdun\/"},{"@type":"ListItem","position":2,"name":"Montech","item":"https:\/\/www.diocese-montauban.fr\/verdun\/paroisses\/montech\/"},{"@type":"ListItem","position":3,"name":"Aumônerie évangélique et service aux malades"}]},{"@type":"WebSite","@id":"https:\/\/www.diocese-montauban.fr\/verdun\/#website","url":"https:\/\/www.diocese-montauban.fr\/verdun\/","name":"Verdun","description":"Diocèse de Montauban","potentialAction":[{"@type":"SearchAction","target":{"@type":"EntryPoint","urlTemplate":"https:\/\/www.diocese-montauban.fr\/verdun\/?s={search_term_string}"},"query-input":{"@type":"PropertyValueSpecification","valueRequired":true,"valueName":"search_term_string"}}],"inLanguage":"fr-FR"}]}</script>
<!-- / Yoast SEO plugin. -->

Aumônerie évangélique et service aux malades - Verdun

Michèle MACIEJASZ&nbsp;s&#8217;occupe du service d&#8217;aumonerie,&nbsp;rend visite à ces personnes qui sont seules,&nbsp;eloignées ou malades.&nbsp;Ces personnes sont tout à côté de nos maisons,&nbsp;et ont besoin de nous. Elle porte l&#8217;eucharistie à [&hellip;]

Diocèse de Montauban
