{"id":43,"date":"2021-02-16T16:24:55","date_gmt":"2021-02-16T15:24:55","guid":{"rendered":"https:\/\/www.diocese-montauban.fr\/verdun\/?post_type=paroisse&#038;p=43"},"modified":"2021-02-16T16:24:56","modified_gmt":"2021-02-16T15:24:56","slug":"entretien-de-leglise","status":"publish","type":"paroisse","link":"https:\/\/www.diocese-montauban.fr\/verdun\/paroisses\/montech\/entretien-de-leglise\/","title":{"rendered":"Entretien de l&#8217;Eglise"},"content":{"rendered":"\n<div class=\"wp-block-image\"><figure class=\"aligncenter size-large\"><img fetchpriority=\"high\" decoding=\"async\" width=\"400\" height=\"261\" src=\"https:\/\/www.diocese-montauban.fr\/verdun\/wp-content\/uploads\/sites\/5\/2021\/02\/image-4.jpeg\" alt=\"\" class=\"wp-image-44\"\/><\/figure><\/div>\n\n\n\n<p>Tous les samedis matin, \u00e0 partir 09h00,&nbsp;<br>une joyeuse \u00e9quipe se pr\u00e9pare \u00e0 nettoyer,<br>depoussi\u00e8rer et d\u00e9corer avec des fleurs l&#8217;\u00e9glise de la Visitation<br>(et La Feuillade pendant l&#8217;\u00e9t\u00e9),&nbsp;<br>rendant notre \u00e9glise accueillante, agr\u00e9able et belle.<\/p>\n\n\n\n<p>Pensez \u00e0 nous si vous avez dans vos jardins des fleurs,&nbsp;<br>ou m\u00eame de la verdure&nbsp;<br>qui pourra acompagner nos compositions.<\/p>\n\n\n\n<p><br>Vous pouvez nous aider \u00e9galement dans l&#8217;entretien ou le m\u00e9nage&nbsp;<br>si vous avez un peu de temps.<\/p>\n\n\n\n<p><br>N&#8217;h\u00e9sitez pas \u00e0 nous rejoindre!!!!<\/p>\n","protected":false},"author":1,"featured_media":0,"parent":6,"menu_order":82,"template":"","meta":{"_acf_changed":false,"footnotes":""},"class_list":["post-43","paroisse","type-paroisse","status-publish","hentry"],"acf":[],"yoast_head":"<!-- This site is optimized with the Yoast SEO plugin v27.3 - https:\/\/yoast.com\/product\/yoast-seo-wordpress\/ -->\n<title>Entretien de l&#039;Eglise - Verdun<\/title>\n<meta name=\"robots\" content=\"index, follow, max-snippet:-1, max-image-preview:large, max-video-preview:-1\" \/>\n<link rel=\"canonical\" href=\"https:\/\/www.diocese-montauban.fr\/verdun\/paroisses\/montech\/entretien-de-leglise\/\" \/>\n<meta property=\"og:locale\" content=\"fr_FR\" \/>\n<meta property=\"og:type\" content=\"article\" \/>\n<meta property=\"og:title\" content=\"Entretien de l&#039;Eglise - Verdun\" \/>\n<meta property=\"og:description\" content=\"Tous les samedis matin, \u00e0 partir 09h00,&nbsp;une joyeuse \u00e9quipe se pr\u00e9pare \u00e0 nettoyer,depoussi\u00e8rer et d\u00e9corer avec des fleurs l&#8217;\u00e9glise de la Visitation(et La Feuillade pendant l&#8217;\u00e9t\u00e9),&nbsp;rendant notre \u00e9glise accueillante, agr\u00e9able [&hellip;]\" \/>\n<meta property=\"og:url\" content=\"https:\/\/www.diocese-montauban.fr\/verdun\/paroisses\/montech\/entretien-de-leglise\/\" \/>\n<meta property=\"og:site_name\" content=\"Verdun\" \/>\n<meta property=\"article:modified_time\" content=\"2021-02-16T15:24:56+00:00\" \/>\n<meta property=\"og:image\" content=\"https:\/\/www.diocese-montauban.fr\/verdun\/wp-content\/uploads\/sites\/5\/2021\/02\/image-4.jpeg\" \/>\n<meta name=\"twitter:card\" content=\"summary_large_image\" \/>\n<meta name=\"twitter:label1\" content=\"Dur\u00e9e de lecture estim\u00e9e\" \/>\n\t<meta name=\"twitter:data1\" content=\"1 minute\" \/>\n<script type=\"application\/ld+json\" class=\"yoast-schema-graph\">{\"@context\":\"https:\\\/\\\/schema.org\",\"@graph\":[{\"@type\":\"WebPage\",\"@id\":\"https:\\\/\\\/www.diocese-montauban.fr\\\/verdun\\\/paroisses\\\/montech\\\/entretien-de-leglise\\\/\",\"url\":\"https:\\\/\\\/www.diocese-montauban.fr\\\/verdun\\\/paroisses\\\/montech\\\/entretien-de-leglise\\\/\",\"name\":\"Entretien de l'Eglise - Verdun\",\"isPartOf\":{\"@id\":\"https:\\\/\\\/www.diocese-montauban.fr\\\/verdun\\\/#website\"},\"primaryImageOfPage\":{\"@id\":\"https:\\\/\\\/www.diocese-montauban.fr\\\/verdun\\\/paroisses\\\/montech\\\/entretien-de-leglise\\\/#primaryimage\"},\"image\":{\"@id\":\"https:\\\/\\\/www.diocese-montauban.fr\\\/verdun\\\/paroisses\\\/montech\\\/entretien-de-leglise\\\/#primaryimage\"},\"thumbnailUrl\":\"https:\\\/\\\/www.diocese-montauban.fr\\\/verdun\\\/wp-content\\\/uploads\\\/sites\\\/5\\\/2021\\\/02\\\/image-4.jpeg\",\"datePublished\":\"2021-02-16T15:24:55+00:00\",\"dateModified\":\"2021-02-16T15:24:56+00:00\",\"breadcrumb\":{\"@id\":\"https:\\\/\\\/www.diocese-montauban.fr\\\/verdun\\\/paroisses\\\/montech\\\/entretien-de-leglise\\\/#breadcrumb\"},\"inLanguage\":\"fr-FR\",\"potentialAction\":[{\"@type\":\"ReadAction\",\"target\":[\"https:\\\/\\\/www.diocese-montauban.fr\\\/verdun\\\/paroisses\\\/montech\\\/entretien-de-leglise\\\/\"]}]},{\"@type\":\"ImageObject\",\"inLanguage\":\"fr-FR\",\"@id\":\"https:\\\/\\\/www.diocese-montauban.fr\\\/verdun\\\/paroisses\\\/montech\\\/entretien-de-leglise\\\/#primaryimage\",\"url\":\"https:\\\/\\\/www.diocese-montauban.fr\\\/verdun\\\/wp-content\\\/uploads\\\/sites\\\/5\\\/2021\\\/02\\\/image-4.jpeg\",\"contentUrl\":\"https:\\\/\\\/www.diocese-montauban.fr\\\/verdun\\\/wp-content\\\/uploads\\\/sites\\\/5\\\/2021\\\/02\\\/image-4.jpeg\",\"width\":400,\"height\":261},{\"@type\":\"BreadcrumbList\",\"@id\":\"https:\\\/\\\/www.diocese-montauban.fr\\\/verdun\\\/paroisses\\\/montech\\\/entretien-de-leglise\\\/#breadcrumb\",\"itemListElement\":[{\"@type\":\"ListItem\",\"position\":1,\"name\":\"Accueil\",\"item\":\"https:\\\/\\\/www.diocese-montauban.fr\\\/verdun\\\/\"},{\"@type\":\"ListItem\",\"position\":2,\"name\":\"Montech\",\"item\":\"https:\\\/\\\/www.diocese-montauban.fr\\\/verdun\\\/paroisses\\\/montech\\\/\"},{\"@type\":\"ListItem\",\"position\":3,\"name\":\"Entretien de l&#8217;Eglise\"}]},{\"@type\":\"WebSite\",\"@id\":\"https:\\\/\\\/www.diocese-montauban.fr\\\/verdun\\\/#website\",\"url\":\"https:\\\/\\\/www.diocese-montauban.fr\\\/verdun\\\/\",\"name\":\"Verdun\",\"description\":\"Dioc\u00e8se de Montauban\",\"potentialAction\":[{\"@type\":\"SearchAction\",\"target\":{\"@type\":\"EntryPoint\",\"urlTemplate\":\"https:\\\/\\\/www.diocese-montauban.fr\\\/verdun\\\/?s={search_term_string}\"},\"query-input\":{\"@type\":\"PropertyValueSpecification\",\"valueRequired\":true,\"valueName\":\"search_term_string\"}}],\"inLanguage\":\"fr-FR\"}]}<\/script>\n<!-- \/ Yoast SEO plugin. -->","yoast_head_json":{"title":"Entretien de l'Eglise - Verdun","robots":{"index":"index","follow":"follow","max-snippet":"max-snippet:-1","max-image-preview":"max-image-preview:large","max-video-preview":"max-video-preview:-1"},"canonical":"https:\/\/www.diocese-montauban.fr\/verdun\/paroisses\/montech\/entretien-de-leglise\/","og_locale":"fr_FR","og_type":"article","og_title":"Entretien de l'Eglise - Verdun","og_description":"Tous les samedis matin, \u00e0 partir 09h00,&nbsp;une joyeuse \u00e9quipe se pr\u00e9pare \u00e0 nettoyer,depoussi\u00e8rer et d\u00e9corer avec des fleurs l&#8217;\u00e9glise de la Visitation(et La Feuillade pendant l&#8217;\u00e9t\u00e9),&nbsp;rendant notre \u00e9glise accueillante, agr\u00e9able [&hellip;]","og_url":"https:\/\/www.diocese-montauban.fr\/verdun\/paroisses\/montech\/entretien-de-leglise\/","og_site_name":"Verdun","article_modified_time":"2021-02-16T15:24:56+00:00","og_image":[{"url":"https:\/\/www.diocese-montauban.fr\/verdun\/wp-content\/uploads\/sites\/5\/2021\/02\/image-4.jpeg","type":"","width":"","height":""}],"twitter_card":"summary_large_image","twitter_misc":{"Dur\u00e9e de lecture estim\u00e9e":"1 minute"},"schema":{"@context":"https:\/\/schema.org","@graph":[{"@type":"WebPage","@id":"https:\/\/www.diocese-montauban.fr\/verdun\/paroisses\/montech\/entretien-de-leglise\/","url":"https:\/\/www.diocese-montauban.fr\/verdun\/paroisses\/montech\/entretien-de-leglise\/","name":"Entretien de l'Eglise - Verdun","isPartOf":{"@id":"https:\/\/www.diocese-montauban.fr\/verdun\/#website"},"primaryImageOfPage":{"@id":"https:\/\/www.diocese-montauban.fr\/verdun\/paroisses\/montech\/entretien-de-leglise\/#primaryimage"},"image":{"@id":"https:\/\/www.diocese-montauban.fr\/verdun\/paroisses\/montech\/entretien-de-leglise\/#primaryimage"},"thumbnailUrl":"https:\/\/www.diocese-montauban.fr\/verdun\/wp-content\/uploads\/sites\/5\/2021\/02\/image-4.jpeg","datePublished":"2021-02-16T15:24:55+00:00","dateModified":"2021-02-16T15:24:56+00:00","breadcrumb":{"@id":"https:\/\/www.diocese-montauban.fr\/verdun\/paroisses\/montech\/entretien-de-leglise\/#breadcrumb"},"inLanguage":"fr-FR","potentialAction":[{"@type":"ReadAction","target":["https:\/\/www.diocese-montauban.fr\/verdun\/paroisses\/montech\/entretien-de-leglise\/"]}]},{"@type":"ImageObject","inLanguage":"fr-FR","@id":"https:\/\/www.diocese-montauban.fr\/verdun\/paroisses\/montech\/entretien-de-leglise\/#primaryimage","url":"https:\/\/www.diocese-montauban.fr\/verdun\/wp-content\/uploads\/sites\/5\/2021\/02\/image-4.jpeg","contentUrl":"https:\/\/www.diocese-montauban.fr\/verdun\/wp-content\/uploads\/sites\/5\/2021\/02\/image-4.jpeg","width":400,"height":261},{"@type":"BreadcrumbList","@id":"https:\/\/www.diocese-montauban.fr\/verdun\/paroisses\/montech\/entretien-de-leglise\/#breadcrumb","itemListElement":[{"@type":"ListItem","position":1,"name":"Accueil","item":"https:\/\/www.diocese-montauban.fr\/verdun\/"},{"@type":"ListItem","position":2,"name":"Montech","item":"https:\/\/www.diocese-montauban.fr\/verdun\/paroisses\/montech\/"},{"@type":"ListItem","position":3,"name":"Entretien de l&#8217;Eglise"}]},{"@type":"WebSite","@id":"https:\/\/www.diocese-montauban.fr\/verdun\/#website","url":"https:\/\/www.diocese-montauban.fr\/verdun\/","name":"Verdun","description":"Dioc\u00e8se de Montauban","potentialAction":[{"@type":"SearchAction","target":{"@type":"EntryPoint","urlTemplate":"https:\/\/www.diocese-montauban.fr\/verdun\/?s={search_term_string}"},"query-input":{"@type":"PropertyValueSpecification","valueRequired":true,"valueName":"search_term_string"}}],"inLanguage":"fr-FR"}]}},"_links":{"self":[{"href":"https:\/\/www.diocese-montauban.fr\/verdun\/wp-json\/wp\/v2\/paroisse\/43","targetHints":{"allow":["GET"]}}],"collection":[{"href":"https:\/\/www.diocese-montauban.fr\/verdun\/wp-json\/wp\/v2\/paroisse"}],"about":[{"href":"https:\/\/www.diocese-montauban.fr\/verdun\/wp-json\/wp\/v2\/types\/paroisse"}],"author":[{"embeddable":true,"href":"https:\/\/www.diocese-montauban.fr\/verdun\/wp-json\/wp\/v2\/users\/1"}],"version-history":[{"count":1,"href":"https:\/\/www.diocese-montauban.fr\/verdun\/wp-json\/wp\/v2\/paroisse\/43\/revisions"}],"predecessor-version":[{"id":45,"href":"https:\/\/www.diocese-montauban.fr\/verdun\/wp-json\/wp\/v2\/paroisse\/43\/revisions\/45"}],"up":[{"embeddable":true,"href":"https:\/\/www.diocese-montauban.fr\/verdun\/wp-json\/wp\/v2\/paroisse\/6"}],"wp:attachment":[{"href":"https:\/\/www.diocese-montauban.fr\/verdun\/wp-json\/wp\/v2\/media?parent=43"}],"curies":[{"name":"wp","href":"https:\/\/api.w.org\/{rel}","templated":true}]}}

<div class="wp-block-image"><figure class="aligncenter size-large"><img fetchpriority="high" decoding="async" width="400" height="261" src="https://www.diocese-montauban.fr/verdun/wp-content/uploads/sites/5/2021/02/image-4.jpeg" alt="" class="wp-image-44"/></figure></div>



<p>Tous les samedis matin, à partir 09h00,&nbsp;<br>une joyeuse équipe se prépare à nettoyer,<br>depoussièrer et décorer avec des fleurs l&#8217;église de la Visitation<br>(et La Feuillade pendant l&#8217;été),&nbsp;<br>rendant notre église accueillante, agréable et belle.</p>



<p>Pensez à nous si vous avez dans vos jardins des fleurs,&nbsp;<br>ou même de la verdure&nbsp;<br>qui pourra acompagner nos compositions.</p>



<p><br>Vous pouvez nous aider également dans l&#8217;entretien ou le ménage&nbsp;<br>si vous avez un peu de temps.</p>



<p><br>N&#8217;hésitez pas à nous rejoindre!!!!</p>

<!-- This site is optimized with the Yoast SEO plugin v27.3 - https://yoast.com/product/yoast-seo-wordpress/ -->
<title>Entretien de l&#039;Eglise - Verdun</title>
<meta name="robots" content="index, follow, max-snippet:-1, max-image-preview:large, max-video-preview:-1" />
<link rel="canonical" href="https://www.diocese-montauban.fr/verdun/paroisses/montech/entretien-de-leglise/" />
<meta property="og:locale" content="fr_FR" />
<meta property="og:type" content="article" />
<meta property="og:title" content="Entretien de l&#039;Eglise - Verdun" />
<meta property="og:description" content="Tous les samedis matin, à partir 09h00,&nbsp;une joyeuse équipe se prépare à nettoyer,depoussièrer et décorer avec des fleurs l&#8217;église de la Visitation(et La Feuillade pendant l&#8217;été),&nbsp;rendant notre église accueillante, agréable [&hellip;]" />
<meta property="og:url" content="https://www.diocese-montauban.fr/verdun/paroisses/montech/entretien-de-leglise/" />
<meta property="og:site_name" content="Verdun" />
<meta property="article:modified_time" content="2021-02-16T15:24:56+00:00" />
<meta property="og:image" content="https://www.diocese-montauban.fr/verdun/wp-content/uploads/sites/5/2021/02/image-4.jpeg" />
<meta name="twitter:card" content="summary_large_image" />
<meta name="twitter:label1" content="Durée de lecture estimée" />
	<meta name="twitter:data1" content="1 minute" />
<script type="application/ld+json" class="yoast-schema-graph">{"@context":"https:\/\/schema.org","@graph":[{"@type":"WebPage","@id":"https:\/\/www.diocese-montauban.fr\/verdun\/paroisses\/montech\/entretien-de-leglise\/","url":"https:\/\/www.diocese-montauban.fr\/verdun\/paroisses\/montech\/entretien-de-leglise\/","name":"Entretien de l'Eglise - Verdun","isPartOf":{"@id":"https:\/\/www.diocese-montauban.fr\/verdun\/#website"},"primaryImageOfPage":{"@id":"https:\/\/www.diocese-montauban.fr\/verdun\/paroisses\/montech\/entretien-de-leglise\/#primaryimage"},"image":{"@id":"https:\/\/www.diocese-montauban.fr\/verdun\/paroisses\/montech\/entretien-de-leglise\/#primaryimage"},"thumbnailUrl":"https:\/\/www.diocese-montauban.fr\/verdun\/wp-content\/uploads\/sites\/5\/2021\/02\/image-4.jpeg","datePublished":"2021-02-16T15:24:55+00:00","dateModified":"2021-02-16T15:24:56+00:00","breadcrumb":{"@id":"https:\/\/www.diocese-montauban.fr\/verdun\/paroisses\/montech\/entretien-de-leglise\/#breadcrumb"},"inLanguage":"fr-FR","potentialAction":[{"@type":"ReadAction","target":["https:\/\/www.diocese-montauban.fr\/verdun\/paroisses\/montech\/entretien-de-leglise\/"]}]},{"@type":"ImageObject","inLanguage":"fr-FR","@id":"https:\/\/www.diocese-montauban.fr\/verdun\/paroisses\/montech\/entretien-de-leglise\/#primaryimage","url":"https:\/\/www.diocese-montauban.fr\/verdun\/wp-content\/uploads\/sites\/5\/2021\/02\/image-4.jpeg","contentUrl":"https:\/\/www.diocese-montauban.fr\/verdun\/wp-content\/uploads\/sites\/5\/2021\/02\/image-4.jpeg","width":400,"height":261},{"@type":"BreadcrumbList","@id":"https:\/\/www.diocese-montauban.fr\/verdun\/paroisses\/montech\/entretien-de-leglise\/#breadcrumb","itemListElement":[{"@type":"ListItem","position":1,"name":"Accueil","item":"https:\/\/www.diocese-montauban.fr\/verdun\/"},{"@type":"ListItem","position":2,"name":"Montech","item":"https:\/\/www.diocese-montauban.fr\/verdun\/paroisses\/montech\/"},{"@type":"ListItem","position":3,"name":"Entretien de l&#8217;Eglise"}]},{"@type":"WebSite","@id":"https:\/\/www.diocese-montauban.fr\/verdun\/#website","url":"https:\/\/www.diocese-montauban.fr\/verdun\/","name":"Verdun","description":"Diocèse de Montauban","potentialAction":[{"@type":"SearchAction","target":{"@type":"EntryPoint","urlTemplate":"https:\/\/www.diocese-montauban.fr\/verdun\/?s={search_term_string}"},"query-input":{"@type":"PropertyValueSpecification","valueRequired":true,"valueName":"search_term_string"}}],"inLanguage":"fr-FR"}]}</script>
<!-- / Yoast SEO plugin. -->

Tous les samedis matin, à partir 09h00,&nbsp;une joyeuse équipe se prépare à nettoyer,depoussièrer et décorer avec des fleurs l&#8217;église de la Visitation(et La Feuillade pendant l&#8217;été),&nbsp;rendant notre église accueillante, agréable [&hellip;]

Diocèse de Montauban
