{"id":40,"date":"2021-02-16T16:24:12","date_gmt":"2021-02-16T15:24:12","guid":{"rendered":"https:\/\/www.diocese-montauban.fr\/verdun\/?post_type=paroisse&#038;p=40"},"modified":"2021-02-16T16:24:13","modified_gmt":"2021-02-16T15:24:13","slug":"intention-de-messe","status":"publish","type":"paroisse","link":"https:\/\/www.diocese-montauban.fr\/verdun\/paroisses\/montech\/intention-de-messe\/","title":{"rendered":"Intention de Messe"},"content":{"rendered":"\n<div class=\"wp-block-image\"><figure class=\"aligncenter size-large\"><img decoding=\"async\" width=\"170\" height=\"96\" src=\"https:\/\/www.diocese-montauban.fr\/verdun\/wp-content\/uploads\/sites\/5\/2021\/02\/image-3.jpeg\" alt=\"\" class=\"wp-image-41\"\/><\/figure><\/div>\n\n\n\n<h3 class=\"has-text-align-center wp-block-heading\">VOUS CONFIEZ VOTRE VIE A DIEU ET A LA PRIERE DE LA COMMUNAUTE CHRETIENNE<\/h3>\n\n\n\n<p class=\"has-text-align-center\">Cela signifie que vous pouvez demander \u00e0 un pr\u00eatre de porter, aupr\u00e8s du Seigneur, certaines de vos intentions au cours de la messe.<\/p>\n\n\n\n<p class=\"has-text-align-center\">Toute messe a une valeur universelle<\/p>\n\n\n\n<p class=\"has-text-align-center\">Elle peut cependant \u00eatre c\u00e9l\u00e9br\u00e9e pour des intentions particuli\u00e8res<\/p>\n\n\n\n<p class=\"has-text-align-center\">\u2022&nbsp;Pour vos d\u00e9funts&nbsp;: Vous demandez \u00e0 Dieu de les accueillir aupr\u00e8s de Lui dans sa lumi\u00e8re. C&#8217;est pour vous et vos proches le meilleur moyen de conserver bien vivante leur m\u00e9moire.<\/p>\n\n\n\n<p class=\"has-text-align-center\">\u2022&nbsp;Pour vos proches&nbsp;: Parents, amis, enfants, voisins&#8230;. Vous demandez \u00e0 Dieu de les aider \u00e0 passer un moment difficile : maladie, \u00e9chec, difficult\u00e9s familiales&#8230;<\/p>\n\n\n\n<p class=\"has-text-align-center\">\u2022&nbsp;En action de gr\u00e2ce&nbsp;: Tout simplement pour dire merci.<\/p>\n\n\n\n<p class=\"has-text-align-center\">Pour choisir une messe \u00e0 Montech ou \u00e0 Finhan, merci de nous donner la ou les dates choisies<\/p>\n\n\n\n<p class=\"has-text-align-center\">Il y a une Messe c\u00e9l\u00e9br\u00e9e chaque jour<\/p>\n\n\n\n<p class=\"has-text-align-center\">Il y a une messe chaque samedi soir \u00e0 Finhan et chaque dimanche matin \u00e0 Montech.<br>Le montant d&#8217;une offrande de messe est de 17 euros.<\/p>\n\n\n\n<p class=\"has-text-align-center\">Merci de faire un ch\u00e8que \u00e0 l&#8217;ordre de : A.D.M Paroisse de Montech.<\/p>\n","protected":false},"author":1,"featured_media":0,"parent":6,"menu_order":83,"template":"","meta":{"_acf_changed":false,"footnotes":""},"class_list":["post-40","paroisse","type-paroisse","status-publish","hentry"],"acf":[],"yoast_head":"<!-- This site is optimized with the Yoast SEO plugin v27.3 - https:\/\/yoast.com\/product\/yoast-seo-wordpress\/ -->\n<title>Intention de Messe - Verdun<\/title>\n<meta name=\"robots\" content=\"index, follow, max-snippet:-1, max-image-preview:large, max-video-preview:-1\" \/>\n<link rel=\"canonical\" href=\"https:\/\/www.diocese-montauban.fr\/verdun\/paroisses\/montech\/intention-de-messe\/\" \/>\n<meta property=\"og:locale\" content=\"fr_FR\" \/>\n<meta property=\"og:type\" content=\"article\" \/>\n<meta property=\"og:title\" content=\"Intention de Messe - Verdun\" \/>\n<meta property=\"og:description\" content=\"VOUS CONFIEZ VOTRE VIE A DIEU ET A LA PRIERE DE LA COMMUNAUTE CHRETIENNE Cela signifie que vous pouvez demander \u00e0 un pr\u00eatre de porter, aupr\u00e8s du Seigneur, certaines de [&hellip;]\" \/>\n<meta property=\"og:url\" content=\"https:\/\/www.diocese-montauban.fr\/verdun\/paroisses\/montech\/intention-de-messe\/\" \/>\n<meta property=\"og:site_name\" content=\"Verdun\" \/>\n<meta property=\"article:modified_time\" content=\"2021-02-16T15:24:13+00:00\" \/>\n<meta property=\"og:image\" content=\"https:\/\/www.diocese-montauban.fr\/verdun\/wp-content\/uploads\/sites\/5\/2021\/02\/image-3.jpeg\" \/>\n<meta name=\"twitter:card\" content=\"summary_large_image\" \/>\n<meta name=\"twitter:label1\" content=\"Dur\u00e9e de lecture estim\u00e9e\" \/>\n\t<meta name=\"twitter:data1\" content=\"1 minute\" \/>\n<script type=\"application\/ld+json\" class=\"yoast-schema-graph\">{\"@context\":\"https:\\\/\\\/schema.org\",\"@graph\":[{\"@type\":\"WebPage\",\"@id\":\"https:\\\/\\\/www.diocese-montauban.fr\\\/verdun\\\/paroisses\\\/montech\\\/intention-de-messe\\\/\",\"url\":\"https:\\\/\\\/www.diocese-montauban.fr\\\/verdun\\\/paroisses\\\/montech\\\/intention-de-messe\\\/\",\"name\":\"Intention de Messe - Verdun\",\"isPartOf\":{\"@id\":\"https:\\\/\\\/www.diocese-montauban.fr\\\/verdun\\\/#website\"},\"primaryImageOfPage\":{\"@id\":\"https:\\\/\\\/www.diocese-montauban.fr\\\/verdun\\\/paroisses\\\/montech\\\/intention-de-messe\\\/#primaryimage\"},\"image\":{\"@id\":\"https:\\\/\\\/www.diocese-montauban.fr\\\/verdun\\\/paroisses\\\/montech\\\/intention-de-messe\\\/#primaryimage\"},\"thumbnailUrl\":\"https:\\\/\\\/www.diocese-montauban.fr\\\/verdun\\\/wp-content\\\/uploads\\\/sites\\\/5\\\/2021\\\/02\\\/image-3.jpeg\",\"datePublished\":\"2021-02-16T15:24:12+00:00\",\"dateModified\":\"2021-02-16T15:24:13+00:00\",\"breadcrumb\":{\"@id\":\"https:\\\/\\\/www.diocese-montauban.fr\\\/verdun\\\/paroisses\\\/montech\\\/intention-de-messe\\\/#breadcrumb\"},\"inLanguage\":\"fr-FR\",\"potentialAction\":[{\"@type\":\"ReadAction\",\"target\":[\"https:\\\/\\\/www.diocese-montauban.fr\\\/verdun\\\/paroisses\\\/montech\\\/intention-de-messe\\\/\"]}]},{\"@type\":\"ImageObject\",\"inLanguage\":\"fr-FR\",\"@id\":\"https:\\\/\\\/www.diocese-montauban.fr\\\/verdun\\\/paroisses\\\/montech\\\/intention-de-messe\\\/#primaryimage\",\"url\":\"https:\\\/\\\/www.diocese-montauban.fr\\\/verdun\\\/wp-content\\\/uploads\\\/sites\\\/5\\\/2021\\\/02\\\/image-3.jpeg\",\"contentUrl\":\"https:\\\/\\\/www.diocese-montauban.fr\\\/verdun\\\/wp-content\\\/uploads\\\/sites\\\/5\\\/2021\\\/02\\\/image-3.jpeg\",\"width\":170,\"height\":96},{\"@type\":\"BreadcrumbList\",\"@id\":\"https:\\\/\\\/www.diocese-montauban.fr\\\/verdun\\\/paroisses\\\/montech\\\/intention-de-messe\\\/#breadcrumb\",\"itemListElement\":[{\"@type\":\"ListItem\",\"position\":1,\"name\":\"Accueil\",\"item\":\"https:\\\/\\\/www.diocese-montauban.fr\\\/verdun\\\/\"},{\"@type\":\"ListItem\",\"position\":2,\"name\":\"Montech\",\"item\":\"https:\\\/\\\/www.diocese-montauban.fr\\\/verdun\\\/paroisses\\\/montech\\\/\"},{\"@type\":\"ListItem\",\"position\":3,\"name\":\"Intention de Messe\"}]},{\"@type\":\"WebSite\",\"@id\":\"https:\\\/\\\/www.diocese-montauban.fr\\\/verdun\\\/#website\",\"url\":\"https:\\\/\\\/www.diocese-montauban.fr\\\/verdun\\\/\",\"name\":\"Verdun\",\"description\":\"Dioc\u00e8se de Montauban\",\"potentialAction\":[{\"@type\":\"SearchAction\",\"target\":{\"@type\":\"EntryPoint\",\"urlTemplate\":\"https:\\\/\\\/www.diocese-montauban.fr\\\/verdun\\\/?s={search_term_string}\"},\"query-input\":{\"@type\":\"PropertyValueSpecification\",\"valueRequired\":true,\"valueName\":\"search_term_string\"}}],\"inLanguage\":\"fr-FR\"}]}<\/script>\n<!-- \/ Yoast SEO plugin. -->","yoast_head_json":{"title":"Intention de Messe - Verdun","robots":{"index":"index","follow":"follow","max-snippet":"max-snippet:-1","max-image-preview":"max-image-preview:large","max-video-preview":"max-video-preview:-1"},"canonical":"https:\/\/www.diocese-montauban.fr\/verdun\/paroisses\/montech\/intention-de-messe\/","og_locale":"fr_FR","og_type":"article","og_title":"Intention de Messe - Verdun","og_description":"VOUS CONFIEZ VOTRE VIE A DIEU ET A LA PRIERE DE LA COMMUNAUTE CHRETIENNE Cela signifie que vous pouvez demander \u00e0 un pr\u00eatre de porter, aupr\u00e8s du Seigneur, certaines de [&hellip;]","og_url":"https:\/\/www.diocese-montauban.fr\/verdun\/paroisses\/montech\/intention-de-messe\/","og_site_name":"Verdun","article_modified_time":"2021-02-16T15:24:13+00:00","og_image":[{"url":"https:\/\/www.diocese-montauban.fr\/verdun\/wp-content\/uploads\/sites\/5\/2021\/02\/image-3.jpeg","type":"","width":"","height":""}],"twitter_card":"summary_large_image","twitter_misc":{"Dur\u00e9e de lecture estim\u00e9e":"1 minute"},"schema":{"@context":"https:\/\/schema.org","@graph":[{"@type":"WebPage","@id":"https:\/\/www.diocese-montauban.fr\/verdun\/paroisses\/montech\/intention-de-messe\/","url":"https:\/\/www.diocese-montauban.fr\/verdun\/paroisses\/montech\/intention-de-messe\/","name":"Intention de Messe - Verdun","isPartOf":{"@id":"https:\/\/www.diocese-montauban.fr\/verdun\/#website"},"primaryImageOfPage":{"@id":"https:\/\/www.diocese-montauban.fr\/verdun\/paroisses\/montech\/intention-de-messe\/#primaryimage"},"image":{"@id":"https:\/\/www.diocese-montauban.fr\/verdun\/paroisses\/montech\/intention-de-messe\/#primaryimage"},"thumbnailUrl":"https:\/\/www.diocese-montauban.fr\/verdun\/wp-content\/uploads\/sites\/5\/2021\/02\/image-3.jpeg","datePublished":"2021-02-16T15:24:12+00:00","dateModified":"2021-02-16T15:24:13+00:00","breadcrumb":{"@id":"https:\/\/www.diocese-montauban.fr\/verdun\/paroisses\/montech\/intention-de-messe\/#breadcrumb"},"inLanguage":"fr-FR","potentialAction":[{"@type":"ReadAction","target":["https:\/\/www.diocese-montauban.fr\/verdun\/paroisses\/montech\/intention-de-messe\/"]}]},{"@type":"ImageObject","inLanguage":"fr-FR","@id":"https:\/\/www.diocese-montauban.fr\/verdun\/paroisses\/montech\/intention-de-messe\/#primaryimage","url":"https:\/\/www.diocese-montauban.fr\/verdun\/wp-content\/uploads\/sites\/5\/2021\/02\/image-3.jpeg","contentUrl":"https:\/\/www.diocese-montauban.fr\/verdun\/wp-content\/uploads\/sites\/5\/2021\/02\/image-3.jpeg","width":170,"height":96},{"@type":"BreadcrumbList","@id":"https:\/\/www.diocese-montauban.fr\/verdun\/paroisses\/montech\/intention-de-messe\/#breadcrumb","itemListElement":[{"@type":"ListItem","position":1,"name":"Accueil","item":"https:\/\/www.diocese-montauban.fr\/verdun\/"},{"@type":"ListItem","position":2,"name":"Montech","item":"https:\/\/www.diocese-montauban.fr\/verdun\/paroisses\/montech\/"},{"@type":"ListItem","position":3,"name":"Intention de Messe"}]},{"@type":"WebSite","@id":"https:\/\/www.diocese-montauban.fr\/verdun\/#website","url":"https:\/\/www.diocese-montauban.fr\/verdun\/","name":"Verdun","description":"Dioc\u00e8se de Montauban","potentialAction":[{"@type":"SearchAction","target":{"@type":"EntryPoint","urlTemplate":"https:\/\/www.diocese-montauban.fr\/verdun\/?s={search_term_string}"},"query-input":{"@type":"PropertyValueSpecification","valueRequired":true,"valueName":"search_term_string"}}],"inLanguage":"fr-FR"}]}},"_links":{"self":[{"href":"https:\/\/www.diocese-montauban.fr\/verdun\/wp-json\/wp\/v2\/paroisse\/40","targetHints":{"allow":["GET"]}}],"collection":[{"href":"https:\/\/www.diocese-montauban.fr\/verdun\/wp-json\/wp\/v2\/paroisse"}],"about":[{"href":"https:\/\/www.diocese-montauban.fr\/verdun\/wp-json\/wp\/v2\/types\/paroisse"}],"author":[{"embeddable":true,"href":"https:\/\/www.diocese-montauban.fr\/verdun\/wp-json\/wp\/v2\/users\/1"}],"version-history":[{"count":1,"href":"https:\/\/www.diocese-montauban.fr\/verdun\/wp-json\/wp\/v2\/paroisse\/40\/revisions"}],"predecessor-version":[{"id":42,"href":"https:\/\/www.diocese-montauban.fr\/verdun\/wp-json\/wp\/v2\/paroisse\/40\/revisions\/42"}],"up":[{"embeddable":true,"href":"https:\/\/www.diocese-montauban.fr\/verdun\/wp-json\/wp\/v2\/paroisse\/6"}],"wp:attachment":[{"href":"https:\/\/www.diocese-montauban.fr\/verdun\/wp-json\/wp\/v2\/media?parent=40"}],"curies":[{"name":"wp","href":"https:\/\/api.w.org\/{rel}","templated":true}]}}

<div class="wp-block-image"><figure class="aligncenter size-large"><img decoding="async" width="170" height="96" src="https://www.diocese-montauban.fr/verdun/wp-content/uploads/sites/5/2021/02/image-3.jpeg" alt="" class="wp-image-41"/></figure></div>



<h3 class="has-text-align-center wp-block-heading">VOUS CONFIEZ VOTRE VIE A DIEU ET A LA PRIERE DE LA COMMUNAUTE CHRETIENNE</h3>



<p class="has-text-align-center">Cela signifie que vous pouvez demander à un prêtre de porter, auprès du Seigneur, certaines de vos intentions au cours de la messe.</p>



<p class="has-text-align-center">Toute messe a une valeur universelle</p>



<p class="has-text-align-center">Elle peut cependant être célébrée pour des intentions particulières</p>



<p class="has-text-align-center">•&nbsp;Pour vos défunts&nbsp;: Vous demandez à Dieu de les accueillir auprès de Lui dans sa lumière. C&#8217;est pour vous et vos proches le meilleur moyen de conserver bien vivante leur mémoire.</p>



<p class="has-text-align-center">•&nbsp;Pour vos proches&nbsp;: Parents, amis, enfants, voisins&#8230;. Vous demandez à Dieu de les aider à passer un moment difficile : maladie, échec, difficultés familiales&#8230;</p>



<p class="has-text-align-center">•&nbsp;En action de grâce&nbsp;: Tout simplement pour dire merci.</p>



<p class="has-text-align-center">Pour choisir une messe à Montech ou à Finhan, merci de nous donner la ou les dates choisies</p>



<p class="has-text-align-center">Il y a une Messe célébrée chaque jour</p>



<p class="has-text-align-center">Il y a une messe chaque samedi soir à Finhan et chaque dimanche matin à Montech.<br>Le montant d&#8217;une offrande de messe est de 17 euros.</p>



<p class="has-text-align-center">Merci de faire un chèque à l&#8217;ordre de : A.D.M Paroisse de Montech.</p>

<!-- This site is optimized with the Yoast SEO plugin v27.3 - https://yoast.com/product/yoast-seo-wordpress/ -->
<title>Intention de Messe - Verdun</title>
<meta name="robots" content="index, follow, max-snippet:-1, max-image-preview:large, max-video-preview:-1" />
<link rel="canonical" href="https://www.diocese-montauban.fr/verdun/paroisses/montech/intention-de-messe/" />
<meta property="og:locale" content="fr_FR" />
<meta property="og:type" content="article" />
<meta property="og:title" content="Intention de Messe - Verdun" />
<meta property="og:description" content="VOUS CONFIEZ VOTRE VIE A DIEU ET A LA PRIERE DE LA COMMUNAUTE CHRETIENNE Cela signifie que vous pouvez demander à un prêtre de porter, auprès du Seigneur, certaines de [&hellip;]" />
<meta property="og:url" content="https://www.diocese-montauban.fr/verdun/paroisses/montech/intention-de-messe/" />
<meta property="og:site_name" content="Verdun" />
<meta property="article:modified_time" content="2021-02-16T15:24:13+00:00" />
<meta property="og:image" content="https://www.diocese-montauban.fr/verdun/wp-content/uploads/sites/5/2021/02/image-3.jpeg" />
<meta name="twitter:card" content="summary_large_image" />
<meta name="twitter:label1" content="Durée de lecture estimée" />
	<meta name="twitter:data1" content="1 minute" />
<script type="application/ld+json" class="yoast-schema-graph">{"@context":"https:\/\/schema.org","@graph":[{"@type":"WebPage","@id":"https:\/\/www.diocese-montauban.fr\/verdun\/paroisses\/montech\/intention-de-messe\/","url":"https:\/\/www.diocese-montauban.fr\/verdun\/paroisses\/montech\/intention-de-messe\/","name":"Intention de Messe - Verdun","isPartOf":{"@id":"https:\/\/www.diocese-montauban.fr\/verdun\/#website"},"primaryImageOfPage":{"@id":"https:\/\/www.diocese-montauban.fr\/verdun\/paroisses\/montech\/intention-de-messe\/#primaryimage"},"image":{"@id":"https:\/\/www.diocese-montauban.fr\/verdun\/paroisses\/montech\/intention-de-messe\/#primaryimage"},"thumbnailUrl":"https:\/\/www.diocese-montauban.fr\/verdun\/wp-content\/uploads\/sites\/5\/2021\/02\/image-3.jpeg","datePublished":"2021-02-16T15:24:12+00:00","dateModified":"2021-02-16T15:24:13+00:00","breadcrumb":{"@id":"https:\/\/www.diocese-montauban.fr\/verdun\/paroisses\/montech\/intention-de-messe\/#breadcrumb"},"inLanguage":"fr-FR","potentialAction":[{"@type":"ReadAction","target":["https:\/\/www.diocese-montauban.fr\/verdun\/paroisses\/montech\/intention-de-messe\/"]}]},{"@type":"ImageObject","inLanguage":"fr-FR","@id":"https:\/\/www.diocese-montauban.fr\/verdun\/paroisses\/montech\/intention-de-messe\/#primaryimage","url":"https:\/\/www.diocese-montauban.fr\/verdun\/wp-content\/uploads\/sites\/5\/2021\/02\/image-3.jpeg","contentUrl":"https:\/\/www.diocese-montauban.fr\/verdun\/wp-content\/uploads\/sites\/5\/2021\/02\/image-3.jpeg","width":170,"height":96},{"@type":"BreadcrumbList","@id":"https:\/\/www.diocese-montauban.fr\/verdun\/paroisses\/montech\/intention-de-messe\/#breadcrumb","itemListElement":[{"@type":"ListItem","position":1,"name":"Accueil","item":"https:\/\/www.diocese-montauban.fr\/verdun\/"},{"@type":"ListItem","position":2,"name":"Montech","item":"https:\/\/www.diocese-montauban.fr\/verdun\/paroisses\/montech\/"},{"@type":"ListItem","position":3,"name":"Intention de Messe"}]},{"@type":"WebSite","@id":"https:\/\/www.diocese-montauban.fr\/verdun\/#website","url":"https:\/\/www.diocese-montauban.fr\/verdun\/","name":"Verdun","description":"Diocèse de Montauban","potentialAction":[{"@type":"SearchAction","target":{"@type":"EntryPoint","urlTemplate":"https:\/\/www.diocese-montauban.fr\/verdun\/?s={search_term_string}"},"query-input":{"@type":"PropertyValueSpecification","valueRequired":true,"valueName":"search_term_string"}}],"inLanguage":"fr-FR"}]}</script>
<!-- / Yoast SEO plugin. -->

VOUS CONFIEZ VOTRE VIE A DIEU ET A LA PRIERE DE LA COMMUNAUTE CHRETIENNE Cela signifie que vous pouvez demander à un prêtre de porter, auprès du Seigneur, certaines de [&hellip;]

Diocèse de Montauban
