{"id":9,"date":"2020-09-27T13:39:39","date_gmt":"2020-09-27T11:39:39","guid":{"rendered":"https:\/\/www.diocese-montauban.fr\/zone-1\/?post_type=paroisse&#038;p=9"},"modified":"2026-02-06T16:34:25","modified_gmt":"2026-02-06T15:34:25","slug":"paroisse-montauban-ville-haute","status":"publish","type":"paroisse","link":"https:\/\/www.diocese-montauban.fr\/grand-montauban\/paroisses\/paroisse-montauban-ville-haute\/","title":{"rendered":"Paroisse Montauban Ville-Haute : Cath\u00e9drale  \u2022 Saint-Jean-Baptiste de Villenouvelle \u2022 Notre-Dame de la Paix \u2022 Sapiac \u2022 Ste Th\u00e9r\u00e8se \u2022 Montbeton"},"content":{"rendered":"\n<p><\/p>\n\n\n\n<h3 class=\"wp-block-heading\"><strong>Permanences d&#8217;accueil sur l&#8217;ensemble paroissial de la Cath\u00e9drale<\/strong><\/h3>\n\n\n\n<p><strong>Maison paroissiale Sainte-Th\u00e9r\u00e8se,<\/strong>&nbsp;130 avenue Charles de Gaulle <br>du mardi au vendredi de 9h30 \u00e0 12h<\/p>\n\n\n\n<p><strong>Maison paroissiale Cath\u00e9drale<\/strong>&nbsp;20 rue des Soubirous-Hauts<br>du mardi au vendredi de 9h30 \u00e0 12h<\/p>\n\n\n\n<p><strong>Saint-Jean-Baptiste de<\/strong> <strong>Villenouvelle :<\/strong>&nbsp;3, rue Saint Jean<br>du mardi au vendredi de 10h \u00e0 12h et de 16h \u00e0 18h<\/p>\n\n\n\n<p><strong>Saint-Etienne de Sapiac :<\/strong>&nbsp;place du 22 septembre<br>le mercredi de 15h \u00e0 17h<\/p>\n\n\n\n<p><strong>Notre-Dame de la Paix :&nbsp;<\/strong>5, rue Louis Braille<br>le jeudi de 15h \u00e0 17h<\/p>\n\n\n\n<div class=\"wp-block-buttons is-content-justification-center is-layout-flex wp-container-core-buttons-is-layout-16018d1d wp-block-buttons-is-layout-flex\">\n<div class=\"wp-block-button\"><a class=\"wp-block-button__link wp-element-button\" href=\"https:\/\/web.app-ecclesia.com\/montauban-ville-haute\">En savoir plus<\/a><\/div>\n<\/div>\n","protected":false},"author":1,"featured_media":0,"parent":0,"menu_order":44,"template":"","meta":{"_acf_changed":false,"footnotes":""},"class_list":["post-9","paroisse","type-paroisse","status-publish","hentry"],"acf":[],"yoast_head":"<!-- This site is optimized with the Yoast SEO plugin v27.3 - https:\/\/yoast.com\/product\/yoast-seo-wordpress\/ -->\n<title>Paroisse Montauban Ville-Haute : Cath\u00e9drale \u2022 Saint-Jean-Baptiste de Villenouvelle \u2022 Notre-Dame de la Paix \u2022 Sapiac \u2022 Ste Th\u00e9r\u00e8se \u2022 Montbeton - Grand Montauban<\/title>\n<meta name=\"robots\" content=\"index, follow, max-snippet:-1, max-image-preview:large, max-video-preview:-1\" \/>\n<link rel=\"canonical\" href=\"https:\/\/www.diocese-montauban.fr\/grand-montauban\/paroisses\/paroisse-montauban-ville-haute\/\" \/>\n<meta property=\"og:locale\" content=\"fr_FR\" \/>\n<meta property=\"og:type\" content=\"article\" \/>\n<meta property=\"og:title\" content=\"Paroisse Montauban Ville-Haute\" \/>\n<meta property=\"og:description\" content=\"Permanences d&#8217;accueil sur l&#8217;ensemble paroissial de la Cath\u00e9drale Maison paroissiale Sainte-Th\u00e9r\u00e8se,&nbsp;130 avenue Charles de Gaulle du mardi au vendredi de 9h30 \u00e0 12h Maison paroissiale Cath\u00e9drale&nbsp;20 rue des Soubirous-Hautsdu mardi [&hellip;]\" \/>\n<meta property=\"og:url\" content=\"https:\/\/www.diocese-montauban.fr\/grand-montauban\/paroisses\/paroisse-montauban-ville-haute\/\" \/>\n<meta property=\"og:site_name\" content=\"Grand Montauban\" \/>\n<meta property=\"article:modified_time\" content=\"2026-02-06T15:34:25+00:00\" \/>\n<meta name=\"twitter:card\" content=\"summary_large_image\" \/>\n<meta name=\"twitter:title\" content=\"Paroisse Montauban Ville-Haute\" \/>\n<meta name=\"twitter:label1\" content=\"Dur\u00e9e de lecture estim\u00e9e\" \/>\n\t<meta name=\"twitter:data1\" content=\"1 minute\" \/>\n<script type=\"application\/ld+json\" class=\"yoast-schema-graph\">{\"@context\":\"https:\\\/\\\/schema.org\",\"@graph\":[{\"@type\":\"WebPage\",\"@id\":\"https:\\\/\\\/www.diocese-montauban.fr\\\/grand-montauban\\\/paroisses\\\/paroisse-montauban-ville-haute\\\/\",\"url\":\"https:\\\/\\\/www.diocese-montauban.fr\\\/grand-montauban\\\/paroisses\\\/paroisse-montauban-ville-haute\\\/\",\"name\":\"Paroisse Montauban Ville-Haute : Cath\u00e9drale \u2022 Saint-Jean-Baptiste de Villenouvelle \u2022 Notre-Dame de la Paix \u2022 Sapiac \u2022 Ste Th\u00e9r\u00e8se \u2022 Montbeton - Grand Montauban\",\"isPartOf\":{\"@id\":\"https:\\\/\\\/www.diocese-montauban.fr\\\/grand-montauban\\\/#website\"},\"datePublished\":\"2020-09-27T11:39:39+00:00\",\"dateModified\":\"2026-02-06T15:34:25+00:00\",\"breadcrumb\":{\"@id\":\"https:\\\/\\\/www.diocese-montauban.fr\\\/grand-montauban\\\/paroisses\\\/paroisse-montauban-ville-haute\\\/#breadcrumb\"},\"inLanguage\":\"fr-FR\",\"potentialAction\":[{\"@type\":\"ReadAction\",\"target\":[\"https:\\\/\\\/www.diocese-montauban.fr\\\/grand-montauban\\\/paroisses\\\/paroisse-montauban-ville-haute\\\/\"]}]},{\"@type\":\"BreadcrumbList\",\"@id\":\"https:\\\/\\\/www.diocese-montauban.fr\\\/grand-montauban\\\/paroisses\\\/paroisse-montauban-ville-haute\\\/#breadcrumb\",\"itemListElement\":[{\"@type\":\"ListItem\",\"position\":1,\"name\":\"Accueil\",\"item\":\"https:\\\/\\\/www.diocese-montauban.fr\\\/grand-montauban\\\/\"},{\"@type\":\"ListItem\",\"position\":2,\"name\":\"Paroisse Montauban Ville-Haute : Cath\u00e9drale \u2022 Saint-Jean-Baptiste de Villenouvelle \u2022 Notre-Dame de la Paix \u2022 Sapiac \u2022 Ste Th\u00e9r\u00e8se \u2022 Montbeton\"}]},{\"@type\":\"WebSite\",\"@id\":\"https:\\\/\\\/www.diocese-montauban.fr\\\/grand-montauban\\\/#website\",\"url\":\"https:\\\/\\\/www.diocese-montauban.fr\\\/grand-montauban\\\/\",\"name\":\"Grand Montauban\",\"description\":\"Dioc\u00e8se de Montauban\",\"potentialAction\":[{\"@type\":\"SearchAction\",\"target\":{\"@type\":\"EntryPoint\",\"urlTemplate\":\"https:\\\/\\\/www.diocese-montauban.fr\\\/grand-montauban\\\/?s={search_term_string}\"},\"query-input\":{\"@type\":\"PropertyValueSpecification\",\"valueRequired\":true,\"valueName\":\"search_term_string\"}}],\"inLanguage\":\"fr-FR\"}]}<\/script>\n<!-- \/ Yoast SEO plugin. -->","yoast_head_json":{"title":"Paroisse Montauban Ville-Haute : Cath\u00e9drale \u2022 Saint-Jean-Baptiste de Villenouvelle \u2022 Notre-Dame de la Paix \u2022 Sapiac \u2022 Ste Th\u00e9r\u00e8se \u2022 Montbeton - Grand Montauban","robots":{"index":"index","follow":"follow","max-snippet":"max-snippet:-1","max-image-preview":"max-image-preview:large","max-video-preview":"max-video-preview:-1"},"canonical":"https:\/\/www.diocese-montauban.fr\/grand-montauban\/paroisses\/paroisse-montauban-ville-haute\/","og_locale":"fr_FR","og_type":"article","og_title":"Paroisse Montauban Ville-Haute","og_description":"Permanences d&#8217;accueil sur l&#8217;ensemble paroissial de la Cath\u00e9drale Maison paroissiale Sainte-Th\u00e9r\u00e8se,&nbsp;130 avenue Charles de Gaulle du mardi au vendredi de 9h30 \u00e0 12h Maison paroissiale Cath\u00e9drale&nbsp;20 rue des Soubirous-Hautsdu mardi [&hellip;]","og_url":"https:\/\/www.diocese-montauban.fr\/grand-montauban\/paroisses\/paroisse-montauban-ville-haute\/","og_site_name":"Grand Montauban","article_modified_time":"2026-02-06T15:34:25+00:00","twitter_card":"summary_large_image","twitter_title":"Paroisse Montauban Ville-Haute","twitter_misc":{"Dur\u00e9e de lecture estim\u00e9e":"1 minute"},"schema":{"@context":"https:\/\/schema.org","@graph":[{"@type":"WebPage","@id":"https:\/\/www.diocese-montauban.fr\/grand-montauban\/paroisses\/paroisse-montauban-ville-haute\/","url":"https:\/\/www.diocese-montauban.fr\/grand-montauban\/paroisses\/paroisse-montauban-ville-haute\/","name":"Paroisse Montauban Ville-Haute : Cath\u00e9drale \u2022 Saint-Jean-Baptiste de Villenouvelle \u2022 Notre-Dame de la Paix \u2022 Sapiac \u2022 Ste Th\u00e9r\u00e8se \u2022 Montbeton - Grand Montauban","isPartOf":{"@id":"https:\/\/www.diocese-montauban.fr\/grand-montauban\/#website"},"datePublished":"2020-09-27T11:39:39+00:00","dateModified":"2026-02-06T15:34:25+00:00","breadcrumb":{"@id":"https:\/\/www.diocese-montauban.fr\/grand-montauban\/paroisses\/paroisse-montauban-ville-haute\/#breadcrumb"},"inLanguage":"fr-FR","potentialAction":[{"@type":"ReadAction","target":["https:\/\/www.diocese-montauban.fr\/grand-montauban\/paroisses\/paroisse-montauban-ville-haute\/"]}]},{"@type":"BreadcrumbList","@id":"https:\/\/www.diocese-montauban.fr\/grand-montauban\/paroisses\/paroisse-montauban-ville-haute\/#breadcrumb","itemListElement":[{"@type":"ListItem","position":1,"name":"Accueil","item":"https:\/\/www.diocese-montauban.fr\/grand-montauban\/"},{"@type":"ListItem","position":2,"name":"Paroisse Montauban Ville-Haute : Cath\u00e9drale \u2022 Saint-Jean-Baptiste de Villenouvelle \u2022 Notre-Dame de la Paix \u2022 Sapiac \u2022 Ste Th\u00e9r\u00e8se \u2022 Montbeton"}]},{"@type":"WebSite","@id":"https:\/\/www.diocese-montauban.fr\/grand-montauban\/#website","url":"https:\/\/www.diocese-montauban.fr\/grand-montauban\/","name":"Grand Montauban","description":"Dioc\u00e8se de Montauban","potentialAction":[{"@type":"SearchAction","target":{"@type":"EntryPoint","urlTemplate":"https:\/\/www.diocese-montauban.fr\/grand-montauban\/?s={search_term_string}"},"query-input":{"@type":"PropertyValueSpecification","valueRequired":true,"valueName":"search_term_string"}}],"inLanguage":"fr-FR"}]}},"_links":{"self":[{"href":"https:\/\/www.diocese-montauban.fr\/grand-montauban\/wp-json\/wp\/v2\/paroisse\/9","targetHints":{"allow":["GET"]}}],"collection":[{"href":"https:\/\/www.diocese-montauban.fr\/grand-montauban\/wp-json\/wp\/v2\/paroisse"}],"about":[{"href":"https:\/\/www.diocese-montauban.fr\/grand-montauban\/wp-json\/wp\/v2\/types\/paroisse"}],"author":[{"embeddable":true,"href":"https:\/\/www.diocese-montauban.fr\/grand-montauban\/wp-json\/wp\/v2\/users\/1"}],"version-history":[{"count":26,"href":"https:\/\/www.diocese-montauban.fr\/grand-montauban\/wp-json\/wp\/v2\/paroisse\/9\/revisions"}],"predecessor-version":[{"id":7506,"href":"https:\/\/www.diocese-montauban.fr\/grand-montauban\/wp-json\/wp\/v2\/paroisse\/9\/revisions\/7506"}],"wp:attachment":[{"href":"https:\/\/www.diocese-montauban.fr\/grand-montauban\/wp-json\/wp\/v2\/media?parent=9"}],"curies":[{"name":"wp","href":"https:\/\/api.w.org\/{rel}","templated":true}]}}

Paroisse Montauban Ville-Haute : Cathédrale  • Saint-Jean-Baptiste de Villenouvelle • Notre-Dame de la Paix • Sapiac • Ste Thérèse • Montbeton

<p></p>



<h3 class="wp-block-heading"><strong>Permanences d&#8217;accueil sur l&#8217;ensemble paroissial de la Cathédrale</strong></h3>



<p><strong>Maison paroissiale Sainte-Thérèse,</strong>&nbsp;130 avenue Charles de Gaulle <br>du mardi au vendredi de 9h30 à 12h</p>



<p><strong>Maison paroissiale Cathédrale</strong>&nbsp;20 rue des Soubirous-Hauts<br>du mardi au vendredi de 9h30 à 12h</p>



<p><strong>Saint-Jean-Baptiste de</strong> <strong>Villenouvelle :</strong>&nbsp;3, rue Saint Jean<br>du mardi au vendredi de 10h à 12h et de 16h à 18h</p>



<p><strong>Saint-Etienne de Sapiac :</strong>&nbsp;place du 22 septembre<br>le mercredi de 15h à 17h</p>



<p><strong>Notre-Dame de la Paix :&nbsp;</strong>5, rue Louis Braille<br>le jeudi de 15h à 17h</p>



<div class="wp-block-buttons is-content-justification-center is-layout-flex wp-container-core-buttons-is-layout-16018d1d wp-block-buttons-is-layout-flex">
<div class="wp-block-button"><a class="wp-block-button__link wp-element-button" href="https://web.app-ecclesia.com/montauban-ville-haute">En savoir plus</a></div>
</div>

<!-- This site is optimized with the Yoast SEO plugin v27.3 - https://yoast.com/product/yoast-seo-wordpress/ -->
<title>Paroisse Montauban Ville-Haute : Cathédrale • Saint-Jean-Baptiste de Villenouvelle • Notre-Dame de la Paix • Sapiac • Ste Thérèse • Montbeton - Grand Montauban</title>
<meta name="robots" content="index, follow, max-snippet:-1, max-image-preview:large, max-video-preview:-1" />
<link rel="canonical" href="https://www.diocese-montauban.fr/grand-montauban/paroisses/paroisse-montauban-ville-haute/" />
<meta property="og:locale" content="fr_FR" />
<meta property="og:type" content="article" />
<meta property="og:title" content="Paroisse Montauban Ville-Haute" />
<meta property="og:description" content="Permanences d&#8217;accueil sur l&#8217;ensemble paroissial de la Cathédrale Maison paroissiale Sainte-Thérèse,&nbsp;130 avenue Charles de Gaulle du mardi au vendredi de 9h30 à 12h Maison paroissiale Cathédrale&nbsp;20 rue des Soubirous-Hautsdu mardi [&hellip;]" />
<meta property="og:url" content="https://www.diocese-montauban.fr/grand-montauban/paroisses/paroisse-montauban-ville-haute/" />
<meta property="og:site_name" content="Grand Montauban" />
<meta property="article:modified_time" content="2026-02-06T15:34:25+00:00" />
<meta name="twitter:card" content="summary_large_image" />
<meta name="twitter:title" content="Paroisse Montauban Ville-Haute" />
<meta name="twitter:label1" content="Durée de lecture estimée" />
	<meta name="twitter:data1" content="1 minute" />
<script type="application/ld+json" class="yoast-schema-graph">{"@context":"https:\/\/schema.org","@graph":[{"@type":"WebPage","@id":"https:\/\/www.diocese-montauban.fr\/grand-montauban\/paroisses\/paroisse-montauban-ville-haute\/","url":"https:\/\/www.diocese-montauban.fr\/grand-montauban\/paroisses\/paroisse-montauban-ville-haute\/","name":"Paroisse Montauban Ville-Haute : Cathédrale • Saint-Jean-Baptiste de Villenouvelle • Notre-Dame de la Paix • Sapiac • Ste Thérèse • Montbeton - Grand Montauban","isPartOf":{"@id":"https:\/\/www.diocese-montauban.fr\/grand-montauban\/#website"},"datePublished":"2020-09-27T11:39:39+00:00","dateModified":"2026-02-06T15:34:25+00:00","breadcrumb":{"@id":"https:\/\/www.diocese-montauban.fr\/grand-montauban\/paroisses\/paroisse-montauban-ville-haute\/#breadcrumb"},"inLanguage":"fr-FR","potentialAction":[{"@type":"ReadAction","target":["https:\/\/www.diocese-montauban.fr\/grand-montauban\/paroisses\/paroisse-montauban-ville-haute\/"]}]},{"@type":"BreadcrumbList","@id":"https:\/\/www.diocese-montauban.fr\/grand-montauban\/paroisses\/paroisse-montauban-ville-haute\/#breadcrumb","itemListElement":[{"@type":"ListItem","position":1,"name":"Accueil","item":"https:\/\/www.diocese-montauban.fr\/grand-montauban\/"},{"@type":"ListItem","position":2,"name":"Paroisse Montauban Ville-Haute : Cathédrale • Saint-Jean-Baptiste de Villenouvelle • Notre-Dame de la Paix • Sapiac • Ste Thérèse • Montbeton"}]},{"@type":"WebSite","@id":"https:\/\/www.diocese-montauban.fr\/grand-montauban\/#website","url":"https:\/\/www.diocese-montauban.fr\/grand-montauban\/","name":"Grand Montauban","description":"Diocèse de Montauban","potentialAction":[{"@type":"SearchAction","target":{"@type":"EntryPoint","urlTemplate":"https:\/\/www.diocese-montauban.fr\/grand-montauban\/?s={search_term_string}"},"query-input":{"@type":"PropertyValueSpecification","valueRequired":true,"valueName":"search_term_string"}}],"inLanguage":"fr-FR"}]}</script>
<!-- / Yoast SEO plugin. -->

Paroisse Montauban Ville-Haute : Cathédrale • Saint-Jean-Baptiste de Villenouvelle • Notre-Dame de la Paix • Sapiac • Ste Thérèse • Montbeton - Grand Montauban

Permanences d&#8217;accueil sur l&#8217;ensemble paroissial de la Cathédrale Maison paroissiale Sainte-Thérèse,&nbsp;130 avenue Charles de Gaulle du mardi au vendredi de 9h30 à 12h Maison paroissiale Cathédrale&nbsp;20 rue des Soubirous-Hautsdu mardi [&hellip;]

Paroisse Montauban Ville-Haute : Cathédrale • Saint-Jean-Baptiste de Villenouvelle • Notre-Dame de la Paix • Sapiac • Ste Thérèse • Montbeton

Diocèse de Montauban
