{"id":53,"date":"2020-11-30T01:14:07","date_gmt":"2020-11-30T00:14:07","guid":{"rendered":"https:\/\/www.diocese-montauban.fr\/grand-montauban\/?post_type=paroisse&#038;p=53"},"modified":"2026-02-24T01:43:40","modified_gmt":"2026-02-24T00:43:40","slug":"horaire-des-messes","status":"publish","type":"paroisse","link":"https:\/\/www.diocese-montauban.fr\/grand-montauban\/paroisses\/villebourbon\/horaire-des-messes\/","title":{"rendered":"Horaire des messes"},"content":{"rendered":"\n<p><strong>Messes dominicales \u00e0 Villebourbon&nbsp;:<\/strong><\/p>\n\n\n\n<ul class=\"wp-block-list\">\n<li>Samedi&nbsp;\u2014 18 h (messe anticip\u00e9e)<\/li>\n\n\n\n<li>Dimanche&nbsp;\u2014 11 h<\/li>\n<\/ul>\n\n\n\n<p><strong>Messes de semaine (\u00e0 v\u00e9rifier sur le site <a href=\"https:\/\/www.messes.info\/communaute\/mt\/82\/saint-orens-villebourbon\">messes.info<\/a>) :<\/strong><\/p>\n\n\n\n<ul class=\"wp-block-list\">\n<li>Mercredi et vendredi&nbsp;\u2014 9 h<\/li>\n<\/ul>\n\n\n\n<h2 class=\"wp-block-heading\" id=\"careme-paques\">CAR\u00caME &#8211; P\u00e2ques 2026<\/h2>\n\n\n\n<p><strong>Chemin de Croix&nbsp;\u2014 15 h&nbsp;:<\/strong><\/p>\n\n\n\n<ul class=\"wp-block-list\">\n<li>Mercredi 25 f\u00e9vrier<\/li>\n\n\n\n<li>Mercredis 4, 11, 18 et 25 mars<\/li>\n\n\n\n<li>Vendredi-Saint 3 avril<\/li>\n<\/ul>\n\n\n\n<p><strong>Conf\u00e9rences de Car\u00eame&nbsp;\u2014 20 h (maison dioc\u00e9saine)&nbsp;:<\/strong><\/p>\n\n\n\n<ul class=\"wp-block-list\">\n<li>Jeudi 26 f\u00e9vrier : \u00ab&nbsp;<strong>Libert\u00e9 religieuse menac\u00e9e&nbsp;: Chr\u00e9tiens en danger<\/strong>&nbsp;\u00bb<br>&nbsp;&nbsp;&nbsp;&nbsp;Par M. Arnaud d&#8217;Andign\u00e9 (<strong>A<\/strong>ide \u00e0 l&#8217;<strong>\u00c9<\/strong>glise en <strong>D<\/strong>\u00e9tresse)<\/li>\n\n\n\n<li>Jeudi 5 mars&nbsp;: \u00ab&nbsp;<strong>La Transmission entre les g\u00e9n\u00e9rations<\/strong>&nbsp;\u00bb<br>&nbsp;&nbsp;&nbsp;&nbsp;Par Mgr Alain Guellec<\/li>\n\n\n\n<li>Jeudi 26 mars&nbsp;: \u00ab&nbsp;<strong>L&#8217;\u00c9glise au service de la Paix<\/strong>&nbsp;\u00bb<br>&nbsp;&nbsp;&nbsp;&nbsp;P\u00e8re Tanguy Marie, professeur \u00e0 l&#8217;Institut Catholique<\/li>\n<\/ul>\n\n\n\n<p><strong>Offices Semaine sainte&nbsp;:<\/strong><\/p>\n\n\n\n<ul class=\"wp-block-list\">\n<li>Rameaux&nbsp;:<br>&nbsp;&nbsp;&nbsp;&nbsp;Samedi 28 mars \u2014 <strong>18 h<\/strong><br>&nbsp;&nbsp;&nbsp;&nbsp;Dimanche 29 mars \u2014 <strong>11 h<\/strong><\/li>\n\n\n\n<li>Jeudi-Saint 2 avril \u2014 <strong>18 h 30<\/strong><\/li>\n\n\n\n<li>Vendredi-Saint 3 avril \u2014 <strong>18 h 30<\/strong><\/li>\n\n\n\n<li>Veill\u00e9e pascale 4 avril \u2014 samedi <strong>21 h<\/strong><\/li>\n\n\n\n<li>P\u00e2ques 5 avril \u2014 <strong>11 h<\/strong><\/li>\n<\/ul>\n\n\n\n<p><\/p>\n","protected":false},"author":26,"featured_media":0,"parent":10,"menu_order":84,"template":"","meta":{"_acf_changed":false,"footnotes":""},"class_list":["post-53","paroisse","type-paroisse","status-publish","hentry"],"acf":[],"yoast_head":"<!-- This site is optimized with the Yoast SEO plugin v27.3 - https:\/\/yoast.com\/product\/yoast-seo-wordpress\/ -->\n<title>Horaire des messes - Grand Montauban<\/title>\n<meta name=\"robots\" content=\"index, follow, max-snippet:-1, max-image-preview:large, max-video-preview:-1\" \/>\n<link rel=\"canonical\" href=\"https:\/\/www.diocese-montauban.fr\/grand-montauban\/paroisses\/villebourbon\/horaire-des-messes\/\" \/>\n<meta property=\"og:locale\" content=\"fr_FR\" \/>\n<meta property=\"og:type\" content=\"article\" \/>\n<meta property=\"og:title\" content=\"Horaire des messes - Grand Montauban\" \/>\n<meta property=\"og:description\" content=\"Messes dominicales \u00e0 Villebourbon&nbsp;: Messes de semaine (\u00e0 v\u00e9rifier sur le site messes.info) : CAR\u00caME &#8211; P\u00e2ques 2026 Chemin de Croix&nbsp;\u2014 15 h&nbsp;: Conf\u00e9rences de Car\u00eame&nbsp;\u2014 20 h (maison dioc\u00e9saine)&nbsp;: [&hellip;]\" \/>\n<meta property=\"og:url\" content=\"https:\/\/www.diocese-montauban.fr\/grand-montauban\/paroisses\/villebourbon\/horaire-des-messes\/\" \/>\n<meta property=\"og:site_name\" content=\"Grand Montauban\" \/>\n<meta property=\"article:modified_time\" content=\"2026-02-24T00:43:40+00:00\" \/>\n<meta name=\"twitter:card\" content=\"summary_large_image\" \/>\n<meta name=\"twitter:label1\" content=\"Dur\u00e9e de lecture estim\u00e9e\" \/>\n\t<meta name=\"twitter:data1\" content=\"1 minute\" \/>\n<script type=\"application\/ld+json\" class=\"yoast-schema-graph\">{\"@context\":\"https:\\\/\\\/schema.org\",\"@graph\":[{\"@type\":\"WebPage\",\"@id\":\"https:\\\/\\\/www.diocese-montauban.fr\\\/grand-montauban\\\/paroisses\\\/villebourbon\\\/horaire-des-messes\\\/\",\"url\":\"https:\\\/\\\/www.diocese-montauban.fr\\\/grand-montauban\\\/paroisses\\\/villebourbon\\\/horaire-des-messes\\\/\",\"name\":\"Horaire des messes - Grand Montauban\",\"isPartOf\":{\"@id\":\"https:\\\/\\\/www.diocese-montauban.fr\\\/grand-montauban\\\/#website\"},\"datePublished\":\"2020-11-30T00:14:07+00:00\",\"dateModified\":\"2026-02-24T00:43:40+00:00\",\"breadcrumb\":{\"@id\":\"https:\\\/\\\/www.diocese-montauban.fr\\\/grand-montauban\\\/paroisses\\\/villebourbon\\\/horaire-des-messes\\\/#breadcrumb\"},\"inLanguage\":\"fr-FR\",\"potentialAction\":[{\"@type\":\"ReadAction\",\"target\":[\"https:\\\/\\\/www.diocese-montauban.fr\\\/grand-montauban\\\/paroisses\\\/villebourbon\\\/horaire-des-messes\\\/\"]}]},{\"@type\":\"BreadcrumbList\",\"@id\":\"https:\\\/\\\/www.diocese-montauban.fr\\\/grand-montauban\\\/paroisses\\\/villebourbon\\\/horaire-des-messes\\\/#breadcrumb\",\"itemListElement\":[{\"@type\":\"ListItem\",\"position\":1,\"name\":\"Accueil\",\"item\":\"https:\\\/\\\/www.diocese-montauban.fr\\\/grand-montauban\\\/\"},{\"@type\":\"ListItem\",\"position\":2,\"name\":\"Villebourbon \u2022 Verlhaguet \u2022 Gasseras\",\"item\":\"https:\\\/\\\/www.diocese-montauban.fr\\\/grand-montauban\\\/paroisses\\\/villebourbon\\\/\"},{\"@type\":\"ListItem\",\"position\":3,\"name\":\"Horaire des messes\"}]},{\"@type\":\"WebSite\",\"@id\":\"https:\\\/\\\/www.diocese-montauban.fr\\\/grand-montauban\\\/#website\",\"url\":\"https:\\\/\\\/www.diocese-montauban.fr\\\/grand-montauban\\\/\",\"name\":\"Grand Montauban\",\"description\":\"Dioc\u00e8se de Montauban\",\"potentialAction\":[{\"@type\":\"SearchAction\",\"target\":{\"@type\":\"EntryPoint\",\"urlTemplate\":\"https:\\\/\\\/www.diocese-montauban.fr\\\/grand-montauban\\\/?s={search_term_string}\"},\"query-input\":{\"@type\":\"PropertyValueSpecification\",\"valueRequired\":true,\"valueName\":\"search_term_string\"}}],\"inLanguage\":\"fr-FR\"}]}<\/script>\n<!-- \/ Yoast SEO plugin. -->","yoast_head_json":{"title":"Horaire des messes - Grand Montauban","robots":{"index":"index","follow":"follow","max-snippet":"max-snippet:-1","max-image-preview":"max-image-preview:large","max-video-preview":"max-video-preview:-1"},"canonical":"https:\/\/www.diocese-montauban.fr\/grand-montauban\/paroisses\/villebourbon\/horaire-des-messes\/","og_locale":"fr_FR","og_type":"article","og_title":"Horaire des messes - Grand Montauban","og_description":"Messes dominicales \u00e0 Villebourbon&nbsp;: Messes de semaine (\u00e0 v\u00e9rifier sur le site messes.info) : CAR\u00caME &#8211; P\u00e2ques 2026 Chemin de Croix&nbsp;\u2014 15 h&nbsp;: Conf\u00e9rences de Car\u00eame&nbsp;\u2014 20 h (maison dioc\u00e9saine)&nbsp;: [&hellip;]","og_url":"https:\/\/www.diocese-montauban.fr\/grand-montauban\/paroisses\/villebourbon\/horaire-des-messes\/","og_site_name":"Grand Montauban","article_modified_time":"2026-02-24T00:43:40+00:00","twitter_card":"summary_large_image","twitter_misc":{"Dur\u00e9e de lecture estim\u00e9e":"1 minute"},"schema":{"@context":"https:\/\/schema.org","@graph":[{"@type":"WebPage","@id":"https:\/\/www.diocese-montauban.fr\/grand-montauban\/paroisses\/villebourbon\/horaire-des-messes\/","url":"https:\/\/www.diocese-montauban.fr\/grand-montauban\/paroisses\/villebourbon\/horaire-des-messes\/","name":"Horaire des messes - Grand Montauban","isPartOf":{"@id":"https:\/\/www.diocese-montauban.fr\/grand-montauban\/#website"},"datePublished":"2020-11-30T00:14:07+00:00","dateModified":"2026-02-24T00:43:40+00:00","breadcrumb":{"@id":"https:\/\/www.diocese-montauban.fr\/grand-montauban\/paroisses\/villebourbon\/horaire-des-messes\/#breadcrumb"},"inLanguage":"fr-FR","potentialAction":[{"@type":"ReadAction","target":["https:\/\/www.diocese-montauban.fr\/grand-montauban\/paroisses\/villebourbon\/horaire-des-messes\/"]}]},{"@type":"BreadcrumbList","@id":"https:\/\/www.diocese-montauban.fr\/grand-montauban\/paroisses\/villebourbon\/horaire-des-messes\/#breadcrumb","itemListElement":[{"@type":"ListItem","position":1,"name":"Accueil","item":"https:\/\/www.diocese-montauban.fr\/grand-montauban\/"},{"@type":"ListItem","position":2,"name":"Villebourbon \u2022 Verlhaguet \u2022 Gasseras","item":"https:\/\/www.diocese-montauban.fr\/grand-montauban\/paroisses\/villebourbon\/"},{"@type":"ListItem","position":3,"name":"Horaire des messes"}]},{"@type":"WebSite","@id":"https:\/\/www.diocese-montauban.fr\/grand-montauban\/#website","url":"https:\/\/www.diocese-montauban.fr\/grand-montauban\/","name":"Grand Montauban","description":"Dioc\u00e8se de Montauban","potentialAction":[{"@type":"SearchAction","target":{"@type":"EntryPoint","urlTemplate":"https:\/\/www.diocese-montauban.fr\/grand-montauban\/?s={search_term_string}"},"query-input":{"@type":"PropertyValueSpecification","valueRequired":true,"valueName":"search_term_string"}}],"inLanguage":"fr-FR"}]}},"_links":{"self":[{"href":"https:\/\/www.diocese-montauban.fr\/grand-montauban\/wp-json\/wp\/v2\/paroisse\/53","targetHints":{"allow":["GET"]}}],"collection":[{"href":"https:\/\/www.diocese-montauban.fr\/grand-montauban\/wp-json\/wp\/v2\/paroisse"}],"about":[{"href":"https:\/\/www.diocese-montauban.fr\/grand-montauban\/wp-json\/wp\/v2\/types\/paroisse"}],"author":[{"embeddable":true,"href":"https:\/\/www.diocese-montauban.fr\/grand-montauban\/wp-json\/wp\/v2\/users\/26"}],"version-history":[{"count":28,"href":"https:\/\/www.diocese-montauban.fr\/grand-montauban\/wp-json\/wp\/v2\/paroisse\/53\/revisions"}],"predecessor-version":[{"id":7514,"href":"https:\/\/www.diocese-montauban.fr\/grand-montauban\/wp-json\/wp\/v2\/paroisse\/53\/revisions\/7514"}],"up":[{"embeddable":true,"href":"https:\/\/www.diocese-montauban.fr\/grand-montauban\/wp-json\/wp\/v2\/paroisse\/10"}],"wp:attachment":[{"href":"https:\/\/www.diocese-montauban.fr\/grand-montauban\/wp-json\/wp\/v2\/media?parent=53"}],"curies":[{"name":"wp","href":"https:\/\/api.w.org\/{rel}","templated":true}]}}

<p><strong>Messes dominicales à Villebourbon&nbsp;:</strong></p>



<ul class="wp-block-list">
<li>Samedi&nbsp;— 18 h (messe anticipée)</li>



<li>Dimanche&nbsp;— 11 h</li>
</ul>



<p><strong>Messes de semaine (à vérifier sur le site <a href="https://www.messes.info/communaute/mt/82/saint-orens-villebourbon">messes.info</a>) :</strong></p>



<ul class="wp-block-list">
<li>Mercredi et vendredi&nbsp;— 9 h</li>
</ul>



<h2 class="wp-block-heading" id="careme-paques">CARÊME &#8211; Pâques 2026</h2>



<p><strong>Chemin de Croix&nbsp;— 15 h&nbsp;:</strong></p>



<ul class="wp-block-list">
<li>Mercredi 25 février</li>



<li>Mercredis 4, 11, 18 et 25 mars</li>



<li>Vendredi-Saint 3 avril</li>
</ul>



<p><strong>Conférences de Carême&nbsp;— 20 h (maison diocésaine)&nbsp;:</strong></p>



<ul class="wp-block-list">
<li>Jeudi 26 février : «&nbsp;<strong>Liberté religieuse menacée&nbsp;: Chrétiens en danger</strong>&nbsp;»<br>&nbsp;&nbsp;&nbsp;&nbsp;Par M. Arnaud d&#8217;Andigné (<strong>A</strong>ide à l&#8217;<strong>É</strong>glise en <strong>D</strong>étresse)</li>



<li>Jeudi 5 mars&nbsp;: «&nbsp;<strong>La Transmission entre les générations</strong>&nbsp;»<br>&nbsp;&nbsp;&nbsp;&nbsp;Par Mgr Alain Guellec</li>



<li>Jeudi 26 mars&nbsp;: «&nbsp;<strong>L&#8217;Église au service de la Paix</strong>&nbsp;»<br>&nbsp;&nbsp;&nbsp;&nbsp;Père Tanguy Marie, professeur à l&#8217;Institut Catholique</li>
</ul>



<p><strong>Offices Semaine sainte&nbsp;:</strong></p>



<ul class="wp-block-list">
<li>Rameaux&nbsp;:<br>&nbsp;&nbsp;&nbsp;&nbsp;Samedi 28 mars — <strong>18 h</strong><br>&nbsp;&nbsp;&nbsp;&nbsp;Dimanche 29 mars — <strong>11 h</strong></li>



<li>Jeudi-Saint 2 avril — <strong>18 h 30</strong></li>



<li>Vendredi-Saint 3 avril — <strong>18 h 30</strong></li>



<li>Veillée pascale 4 avril — samedi <strong>21 h</strong></li>



<li>Pâques 5 avril — <strong>11 h</strong></li>
</ul>



<p></p>

<!-- This site is optimized with the Yoast SEO plugin v27.3 - https://yoast.com/product/yoast-seo-wordpress/ -->
<title>Horaire des messes - Grand Montauban</title>
<meta name="robots" content="index, follow, max-snippet:-1, max-image-preview:large, max-video-preview:-1" />
<link rel="canonical" href="https://www.diocese-montauban.fr/grand-montauban/paroisses/villebourbon/horaire-des-messes/" />
<meta property="og:locale" content="fr_FR" />
<meta property="og:type" content="article" />
<meta property="og:title" content="Horaire des messes - Grand Montauban" />
<meta property="og:description" content="Messes dominicales à Villebourbon&nbsp;: Messes de semaine (à vérifier sur le site messes.info) : CARÊME &#8211; Pâques 2026 Chemin de Croix&nbsp;— 15 h&nbsp;: Conférences de Carême&nbsp;— 20 h (maison diocésaine)&nbsp;: [&hellip;]" />
<meta property="og:url" content="https://www.diocese-montauban.fr/grand-montauban/paroisses/villebourbon/horaire-des-messes/" />
<meta property="og:site_name" content="Grand Montauban" />
<meta property="article:modified_time" content="2026-02-24T00:43:40+00:00" />
<meta name="twitter:card" content="summary_large_image" />
<meta name="twitter:label1" content="Durée de lecture estimée" />
	<meta name="twitter:data1" content="1 minute" />
<script type="application/ld+json" class="yoast-schema-graph">{"@context":"https:\/\/schema.org","@graph":[{"@type":"WebPage","@id":"https:\/\/www.diocese-montauban.fr\/grand-montauban\/paroisses\/villebourbon\/horaire-des-messes\/","url":"https:\/\/www.diocese-montauban.fr\/grand-montauban\/paroisses\/villebourbon\/horaire-des-messes\/","name":"Horaire des messes - Grand Montauban","isPartOf":{"@id":"https:\/\/www.diocese-montauban.fr\/grand-montauban\/#website"},"datePublished":"2020-11-30T00:14:07+00:00","dateModified":"2026-02-24T00:43:40+00:00","breadcrumb":{"@id":"https:\/\/www.diocese-montauban.fr\/grand-montauban\/paroisses\/villebourbon\/horaire-des-messes\/#breadcrumb"},"inLanguage":"fr-FR","potentialAction":[{"@type":"ReadAction","target":["https:\/\/www.diocese-montauban.fr\/grand-montauban\/paroisses\/villebourbon\/horaire-des-messes\/"]}]},{"@type":"BreadcrumbList","@id":"https:\/\/www.diocese-montauban.fr\/grand-montauban\/paroisses\/villebourbon\/horaire-des-messes\/#breadcrumb","itemListElement":[{"@type":"ListItem","position":1,"name":"Accueil","item":"https:\/\/www.diocese-montauban.fr\/grand-montauban\/"},{"@type":"ListItem","position":2,"name":"Villebourbon • Verlhaguet • Gasseras","item":"https:\/\/www.diocese-montauban.fr\/grand-montauban\/paroisses\/villebourbon\/"},{"@type":"ListItem","position":3,"name":"Horaire des messes"}]},{"@type":"WebSite","@id":"https:\/\/www.diocese-montauban.fr\/grand-montauban\/#website","url":"https:\/\/www.diocese-montauban.fr\/grand-montauban\/","name":"Grand Montauban","description":"Diocèse de Montauban","potentialAction":[{"@type":"SearchAction","target":{"@type":"EntryPoint","urlTemplate":"https:\/\/www.diocese-montauban.fr\/grand-montauban\/?s={search_term_string}"},"query-input":{"@type":"PropertyValueSpecification","valueRequired":true,"valueName":"search_term_string"}}],"inLanguage":"fr-FR"}]}</script>
<!-- / Yoast SEO plugin. -->

Messes dominicales à Villebourbon&nbsp;: Messes de semaine (à vérifier sur le site messes.info) : CARÊME &#8211; Pâques 2026 Chemin de Croix&nbsp;— 15 h&nbsp;: Conférences de Carême&nbsp;— 20 h (maison diocésaine)&nbsp;: [&hellip;]

Diocèse de Montauban
