{"id":15,"date":"2020-11-12T11:15:12","date_gmt":"2020-11-12T10:15:12","guid":{"rendered":"https:\/\/www.diocese-montauban.fr\/castelsarrasin\/?post_type=paroisse&#038;p=15"},"modified":"2021-02-08T14:25:52","modified_gmt":"2021-02-08T13:25:52","slug":"meauzac","status":"publish","type":"paroisse","link":"https:\/\/www.diocese-montauban.fr\/castelsarrasin\/paroisses\/meauzac\/","title":{"rendered":"Meauzac"},"content":{"rendered":"\n<p><br>(Melsac, 783) n.h. gall-rom: l\\1ellitius et suff. -acum. 700 bah. Castelsarrasin.<\/p>\n\n\n\n<p>La paroisse de Meauzac, si l&#8217;on se r\u00e9f\u00e8re \u00e0 son patron saint Martirl, semble avoir une origine assez ancienne. Comme plusieurs de la r\u00e9gion, elle \u00e9tait une possession de l&#8217;abbaye de Moissac \u00e0 qui elle aurait \u00e9t\u00e9 donn\u00e9e en 783 par l&#8217;\u00e9v\u00eaque de Cahors Agamus. Usurp\u00e9e par les la\u00efques, elle fut restitu\u00e9e au monast\u00e8re dont les bulles papales en 1097 et 1240 reconnaissent la d\u00e9pendance. Elle fut \u00e9rig\u00e9e en prieur\u00e9 au 12e si\u00e8cle et attribu\u00e9e alors \u00e0 la mense abbatiale.<br>La R\u00e9forme fut introduite de bonne heure dans ce village par le seigneur du lieu Guion de Bar. Il n&#8217;est donc pas \u00e9tonnant que l&#8217;\u00e9glise ait \u00e9t\u00e9 d\u00e9truite en 1561 et qu&#8217;un temple l&#8217;ait remplac\u00e9e bient\u00f4t apr\u00e8s. La population demeura protestante pour les quatre cinqui\u00e8mes ; la R\u00e9vocation de l&#8217;\u00e9dit de Nantes favorisa le retour au catholicisme. Une communaut\u00e9 calviniste assez nombreuse subsiste toujours avec un temple et un cimeti\u00e8re particulier.<br>L&#8217;\u00e9glise, relev\u00e9e de ses ruines au 17e si\u00e8cle, fut transform\u00e9e et agrandie en 1860; on ajouta le ch\u0153ur et deux chapelles, les murs furent exhauss\u00e9s et re\u00e7urent une vo\u00fbte d&#8217;ogives; le minuscule clocher rectangulaire fut remplac\u00e9 par le clocher actuel. Elle se pr\u00e9sente donc aujourd&#8217;hui avec une abside \u00e0 cinq pans, une nef de quatre trav\u00e9es et six chapelles lat\u00e9rales. Le clocher repose sur un porche ouvert ; il comprend plusieurs \u00e9tages faits d&#8217;\u00e9l\u00e9ments disparates assez peu harmonis\u00e9s, qui lui donnent un carac- t\u00e8re original. Le ch\u0153ur de l&#8217;\u00e9glise a \u00e9t\u00e9 orn\u00e9 par Cazottes en 1872 de cinq tableaux muraux; en 1923 l&#8217;abb\u00e9 L\u00e9ris compl\u00e9ta cette d\u00e9coration par celle de la nef o\u00f9 l&#8217;on retrouve l&#8217;art bien personnel de ses motifs stylis\u00e9s. Mgr Marty proc\u00e9da \u00e0 la cons\u00e9cration le 20 mai 1924.<br>Les S\u0153urs de la Providence fond\u00e8rent \u00e0 Meauzac une \u00e9cole libre de filles dirig\u00e9e aujourd&#8217;hui par des ma\u00eetresses la\u00efques.<\/p>\n","protected":false},"author":1,"featured_media":0,"parent":0,"menu_order":61,"template":"","meta":{"_acf_changed":false,"footnotes":""},"class_list":["post-15","paroisse","type-paroisse","status-publish","hentry"],"acf":[],"yoast_head":"<!-- This site is optimized with the Yoast SEO plugin v27.3 - https:\/\/yoast.com\/product\/yoast-seo-wordpress\/ -->\n<title>Meauzac - Castelsarrasin<\/title>\n<meta name=\"robots\" content=\"index, follow, max-snippet:-1, max-image-preview:large, max-video-preview:-1\" \/>\n<link rel=\"canonical\" href=\"https:\/\/www.diocese-montauban.fr\/castelsarrasin\/paroisses\/meauzac\/\" \/>\n<meta property=\"og:locale\" content=\"fr_FR\" \/>\n<meta property=\"og:type\" content=\"article\" \/>\n<meta property=\"og:title\" content=\"Meauzac - Castelsarrasin\" \/>\n<meta property=\"og:description\" content=\"(Melsac, 783) n.h. gall-rom: l1ellitius et suff. -acum. 700 bah. Castelsarrasin. La paroisse de Meauzac, si l&#8217;on se r\u00e9f\u00e8re \u00e0 son patron saint Martirl, semble avoir une origine assez ancienne. [&hellip;]\" \/>\n<meta property=\"og:url\" content=\"https:\/\/www.diocese-montauban.fr\/castelsarrasin\/paroisses\/meauzac\/\" \/>\n<meta property=\"og:site_name\" content=\"Castelsarrasin\" \/>\n<meta property=\"article:modified_time\" content=\"2021-02-08T13:25:52+00:00\" \/>\n<meta name=\"twitter:card\" content=\"summary_large_image\" \/>\n<meta name=\"twitter:label1\" content=\"Dur\u00e9e de lecture estim\u00e9e\" \/>\n\t<meta name=\"twitter:data1\" content=\"2 minutes\" \/>\n<script type=\"application\/ld+json\" class=\"yoast-schema-graph\">{\"@context\":\"https:\\\/\\\/schema.org\",\"@graph\":[{\"@type\":\"WebPage\",\"@id\":\"https:\\\/\\\/www.diocese-montauban.fr\\\/castelsarrasin\\\/paroisses\\\/meauzac\\\/\",\"url\":\"https:\\\/\\\/www.diocese-montauban.fr\\\/castelsarrasin\\\/paroisses\\\/meauzac\\\/\",\"name\":\"Meauzac - Castelsarrasin\",\"isPartOf\":{\"@id\":\"https:\\\/\\\/www.diocese-montauban.fr\\\/castelsarrasin\\\/#website\"},\"datePublished\":\"2020-11-12T10:15:12+00:00\",\"dateModified\":\"2021-02-08T13:25:52+00:00\",\"breadcrumb\":{\"@id\":\"https:\\\/\\\/www.diocese-montauban.fr\\\/castelsarrasin\\\/paroisses\\\/meauzac\\\/#breadcrumb\"},\"inLanguage\":\"fr-FR\",\"potentialAction\":[{\"@type\":\"ReadAction\",\"target\":[\"https:\\\/\\\/www.diocese-montauban.fr\\\/castelsarrasin\\\/paroisses\\\/meauzac\\\/\"]}]},{\"@type\":\"BreadcrumbList\",\"@id\":\"https:\\\/\\\/www.diocese-montauban.fr\\\/castelsarrasin\\\/paroisses\\\/meauzac\\\/#breadcrumb\",\"itemListElement\":[{\"@type\":\"ListItem\",\"position\":1,\"name\":\"Accueil\",\"item\":\"https:\\\/\\\/www.diocese-montauban.fr\\\/castelsarrasin\\\/\"},{\"@type\":\"ListItem\",\"position\":2,\"name\":\"Meauzac\"}]},{\"@type\":\"WebSite\",\"@id\":\"https:\\\/\\\/www.diocese-montauban.fr\\\/castelsarrasin\\\/#website\",\"url\":\"https:\\\/\\\/www.diocese-montauban.fr\\\/castelsarrasin\\\/\",\"name\":\"Castelsarrasin\",\"description\":\"Dioc\u00e8se de Montauban\",\"potentialAction\":[{\"@type\":\"SearchAction\",\"target\":{\"@type\":\"EntryPoint\",\"urlTemplate\":\"https:\\\/\\\/www.diocese-montauban.fr\\\/castelsarrasin\\\/?s={search_term_string}\"},\"query-input\":{\"@type\":\"PropertyValueSpecification\",\"valueRequired\":true,\"valueName\":\"search_term_string\"}}],\"inLanguage\":\"fr-FR\"}]}<\/script>\n<!-- \/ Yoast SEO plugin. -->","yoast_head_json":{"title":"Meauzac - Castelsarrasin","robots":{"index":"index","follow":"follow","max-snippet":"max-snippet:-1","max-image-preview":"max-image-preview:large","max-video-preview":"max-video-preview:-1"},"canonical":"https:\/\/www.diocese-montauban.fr\/castelsarrasin\/paroisses\/meauzac\/","og_locale":"fr_FR","og_type":"article","og_title":"Meauzac - Castelsarrasin","og_description":"(Melsac, 783) n.h. gall-rom: l1ellitius et suff. -acum. 700 bah. Castelsarrasin. La paroisse de Meauzac, si l&#8217;on se r\u00e9f\u00e8re \u00e0 son patron saint Martirl, semble avoir une origine assez ancienne. [&hellip;]","og_url":"https:\/\/www.diocese-montauban.fr\/castelsarrasin\/paroisses\/meauzac\/","og_site_name":"Castelsarrasin","article_modified_time":"2021-02-08T13:25:52+00:00","twitter_card":"summary_large_image","twitter_misc":{"Dur\u00e9e de lecture estim\u00e9e":"2 minutes"},"schema":{"@context":"https:\/\/schema.org","@graph":[{"@type":"WebPage","@id":"https:\/\/www.diocese-montauban.fr\/castelsarrasin\/paroisses\/meauzac\/","url":"https:\/\/www.diocese-montauban.fr\/castelsarrasin\/paroisses\/meauzac\/","name":"Meauzac - Castelsarrasin","isPartOf":{"@id":"https:\/\/www.diocese-montauban.fr\/castelsarrasin\/#website"},"datePublished":"2020-11-12T10:15:12+00:00","dateModified":"2021-02-08T13:25:52+00:00","breadcrumb":{"@id":"https:\/\/www.diocese-montauban.fr\/castelsarrasin\/paroisses\/meauzac\/#breadcrumb"},"inLanguage":"fr-FR","potentialAction":[{"@type":"ReadAction","target":["https:\/\/www.diocese-montauban.fr\/castelsarrasin\/paroisses\/meauzac\/"]}]},{"@type":"BreadcrumbList","@id":"https:\/\/www.diocese-montauban.fr\/castelsarrasin\/paroisses\/meauzac\/#breadcrumb","itemListElement":[{"@type":"ListItem","position":1,"name":"Accueil","item":"https:\/\/www.diocese-montauban.fr\/castelsarrasin\/"},{"@type":"ListItem","position":2,"name":"Meauzac"}]},{"@type":"WebSite","@id":"https:\/\/www.diocese-montauban.fr\/castelsarrasin\/#website","url":"https:\/\/www.diocese-montauban.fr\/castelsarrasin\/","name":"Castelsarrasin","description":"Dioc\u00e8se de Montauban","potentialAction":[{"@type":"SearchAction","target":{"@type":"EntryPoint","urlTemplate":"https:\/\/www.diocese-montauban.fr\/castelsarrasin\/?s={search_term_string}"},"query-input":{"@type":"PropertyValueSpecification","valueRequired":true,"valueName":"search_term_string"}}],"inLanguage":"fr-FR"}]}},"_links":{"self":[{"href":"https:\/\/www.diocese-montauban.fr\/castelsarrasin\/wp-json\/wp\/v2\/paroisse\/15","targetHints":{"allow":["GET"]}}],"collection":[{"href":"https:\/\/www.diocese-montauban.fr\/castelsarrasin\/wp-json\/wp\/v2\/paroisse"}],"about":[{"href":"https:\/\/www.diocese-montauban.fr\/castelsarrasin\/wp-json\/wp\/v2\/types\/paroisse"}],"author":[{"embeddable":true,"href":"https:\/\/www.diocese-montauban.fr\/castelsarrasin\/wp-json\/wp\/v2\/users\/1"}],"version-history":[{"count":0,"href":"https:\/\/www.diocese-montauban.fr\/castelsarrasin\/wp-json\/wp\/v2\/paroisse\/15\/revisions"}],"wp:attachment":[{"href":"https:\/\/www.diocese-montauban.fr\/castelsarrasin\/wp-json\/wp\/v2\/media?parent=15"}],"curies":[{"name":"wp","href":"https:\/\/api.w.org\/{rel}","templated":true}]}}

<p><br>(Melsac, 783) n.h. gall-rom: l\1ellitius et suff. -acum. 700 bah. Castelsarrasin.</p>



<p>La paroisse de Meauzac, si l&#8217;on se réfère à son patron saint Martirl, semble avoir une origine assez ancienne. Comme plusieurs de la région, elle était une possession de l&#8217;abbaye de Moissac à qui elle aurait été donnée en 783 par l&#8217;évêque de Cahors Agamus. Usurpée par les laïques, elle fut restituée au monastère dont les bulles papales en 1097 et 1240 reconnaissent la dépendance. Elle fut érigée en prieuré au 12e siècle et attribuée alors à la mense abbatiale.<br>La Réforme fut introduite de bonne heure dans ce village par le seigneur du lieu Guion de Bar. Il n&#8217;est donc pas étonnant que l&#8217;église ait été détruite en 1561 et qu&#8217;un temple l&#8217;ait remplacée bientôt après. La population demeura protestante pour les quatre cinquièmes ; la Révocation de l&#8217;édit de Nantes favorisa le retour au catholicisme. Une communauté calviniste assez nombreuse subsiste toujours avec un temple et un cimetière particulier.<br>L&#8217;église, relevée de ses ruines au 17e siècle, fut transformée et agrandie en 1860; on ajouta le chœur et deux chapelles, les murs furent exhaussés et reçurent une voûte d&#8217;ogives; le minuscule clocher rectangulaire fut remplacé par le clocher actuel. Elle se présente donc aujourd&#8217;hui avec une abside à cinq pans, une nef de quatre travées et six chapelles latérales. Le clocher repose sur un porche ouvert ; il comprend plusieurs étages faits d&#8217;éléments disparates assez peu harmonisés, qui lui donnent un carac- tère original. Le chœur de l&#8217;église a été orné par Cazottes en 1872 de cinq tableaux muraux; en 1923 l&#8217;abbé Léris compléta cette décoration par celle de la nef où l&#8217;on retrouve l&#8217;art bien personnel de ses motifs stylisés. Mgr Marty procéda à la consécration le 20 mai 1924.<br>Les Sœurs de la Providence fondèrent à Meauzac une école libre de filles dirigée aujourd&#8217;hui par des maîtresses laïques.</p>

<!-- This site is optimized with the Yoast SEO plugin v27.3 - https://yoast.com/product/yoast-seo-wordpress/ -->
<title>Meauzac - Castelsarrasin</title>
<meta name="robots" content="index, follow, max-snippet:-1, max-image-preview:large, max-video-preview:-1" />
<link rel="canonical" href="https://www.diocese-montauban.fr/castelsarrasin/paroisses/meauzac/" />
<meta property="og:locale" content="fr_FR" />
<meta property="og:type" content="article" />
<meta property="og:title" content="Meauzac - Castelsarrasin" />
<meta property="og:description" content="(Melsac, 783) n.h. gall-rom: l1ellitius et suff. -acum. 700 bah. Castelsarrasin. La paroisse de Meauzac, si l&#8217;on se réfère à son patron saint Martirl, semble avoir une origine assez ancienne. [&hellip;]" />
<meta property="og:url" content="https://www.diocese-montauban.fr/castelsarrasin/paroisses/meauzac/" />
<meta property="og:site_name" content="Castelsarrasin" />
<meta property="article:modified_time" content="2021-02-08T13:25:52+00:00" />
<meta name="twitter:card" content="summary_large_image" />
<meta name="twitter:label1" content="Durée de lecture estimée" />
	<meta name="twitter:data1" content="2 minutes" />
<script type="application/ld+json" class="yoast-schema-graph">{"@context":"https:\/\/schema.org","@graph":[{"@type":"WebPage","@id":"https:\/\/www.diocese-montauban.fr\/castelsarrasin\/paroisses\/meauzac\/","url":"https:\/\/www.diocese-montauban.fr\/castelsarrasin\/paroisses\/meauzac\/","name":"Meauzac - Castelsarrasin","isPartOf":{"@id":"https:\/\/www.diocese-montauban.fr\/castelsarrasin\/#website"},"datePublished":"2020-11-12T10:15:12+00:00","dateModified":"2021-02-08T13:25:52+00:00","breadcrumb":{"@id":"https:\/\/www.diocese-montauban.fr\/castelsarrasin\/paroisses\/meauzac\/#breadcrumb"},"inLanguage":"fr-FR","potentialAction":[{"@type":"ReadAction","target":["https:\/\/www.diocese-montauban.fr\/castelsarrasin\/paroisses\/meauzac\/"]}]},{"@type":"BreadcrumbList","@id":"https:\/\/www.diocese-montauban.fr\/castelsarrasin\/paroisses\/meauzac\/#breadcrumb","itemListElement":[{"@type":"ListItem","position":1,"name":"Accueil","item":"https:\/\/www.diocese-montauban.fr\/castelsarrasin\/"},{"@type":"ListItem","position":2,"name":"Meauzac"}]},{"@type":"WebSite","@id":"https:\/\/www.diocese-montauban.fr\/castelsarrasin\/#website","url":"https:\/\/www.diocese-montauban.fr\/castelsarrasin\/","name":"Castelsarrasin","description":"Diocèse de Montauban","potentialAction":[{"@type":"SearchAction","target":{"@type":"EntryPoint","urlTemplate":"https:\/\/www.diocese-montauban.fr\/castelsarrasin\/?s={search_term_string}"},"query-input":{"@type":"PropertyValueSpecification","valueRequired":true,"valueName":"search_term_string"}}],"inLanguage":"fr-FR"}]}</script>
<!-- / Yoast SEO plugin. -->

(Melsac, 783) n.h. gall-rom: l1ellitius et suff. -acum. 700 bah. Castelsarrasin. La paroisse de Meauzac, si l&#8217;on se réfère à son patron saint Martirl, semble avoir une origine assez ancienne. [&hellip;]

Diocèse de Montauban
